Last updated on 2017-07-31 01:46:52.
Flavor | Version | Tinstall | Tcheck | Ttotal | Status | Flags |
---|---|---|---|---|---|---|
r-devel-linux-x86_64-debian-clang | 0.3.1 | 1.04 | 31.28 | 32.33 | OK | |
r-devel-linux-x86_64-debian-gcc | 0.3.1 | 1.06 | 23.90 | 24.96 | OK | |
r-devel-linux-x86_64-fedora-clang | 0.3.1 | 46.66 | OK | |||
r-devel-linux-x86_64-fedora-gcc | 0.3.1 | 45.01 | OK | |||
r-devel-windows-ix86+x86_64 | 0.3.1 | 7.00 | 86.00 | 93.00 | OK | |
r-patched-linux-x86_64 | 0.3.1 | 1.08 | 31.42 | 32.50 | OK | |
r-patched-solaris-x86 | 0.3.1 | 62.60 | OK | |||
r-release-linux-x86_64 | 0.3.1 | 1.09 | 31.50 | 32.59 | OK | |
r-release-windows-ix86+x86_64 | 0.3.1 | 5.00 | 79.00 | 84.00 | OK | |
r-release-osx-x86_64 | 0.3.1 | OK | ||||
r-oldrel-windows-ix86+x86_64 | 0.3.1 | 5.00 | 51.00 | 56.00 | OK | |
r-oldrel-osx-x86_64 | 0.3.1 | ERROR |
Version: 0.3.1
Check: package dependencies
Result: ERROR
Package required but not available: ‘RcppTOML’
See section ‘The DESCRIPTION file’ in the ‘Writing R Extensions’
manual.
Flavor: r-oldrel-osx-x86_64