CRAN Package Check Results for Package conjoint

Last updated on 2017-07-31 01:46:52.

Flavor Version Tinstall Tcheck Ttotal Status Flags
r-devel-linux-x86_64-debian-clang 1.39 1.38 40.90 42.27 NOTE
r-devel-linux-x86_64-debian-gcc 1.39 1.35 33.32 34.68 NOTE
r-devel-linux-x86_64-fedora-clang 1.39 65.66 NOTE
r-devel-linux-x86_64-fedora-gcc 1.39 63.98 NOTE
r-devel-windows-ix86+x86_64 1.39 11.00 101.00 112.00 NOTE
r-patched-linux-x86_64 1.39 1.44 40.19 41.63 NOTE
r-patched-solaris-x86 1.39 84.30 NOTE
r-release-linux-x86_64 1.39 1.46 41.03 42.49 NOTE
r-release-windows-ix86+x86_64 1.39 16.00 93.00 109.00 NOTE
r-release-osx-x86_64 1.39 NOTE
r-oldrel-windows-ix86+x86_64 1.39 6.00 64.00 70.00 NOTE
r-oldrel-osx-x86_64 1.39 WARN

Check Details

Version: 1.39
Check: R code for possible problems
Result: NOTE
    Conjoint: no visible global function definition for ‘dev.new’
    Conjoint: no visible global function definition for ‘barplot’
    caFactorialDesign: no visible global function definition for ‘cor’
    caModel: no visible global function definition for ‘as.formula’
    caModel: no visible global function definition for ‘lm’
    caModel: no visible global function definition for ‘summary.lm’
    caSegmentation: no visible global function definition for ‘kmeans’
    caUtilities: no visible global function definition for ‘as.formula’
    caUtilities: no visible global function definition for ‘lm’
    caUtilities: no visible global function definition for ‘summary.lm’
    partutilities: no visible global function definition for ‘as.formula’
    partutilities: no visible global function definition for ‘lm’
    partutils: no visible global function definition for ‘as.formula’
    partutils: no visible global function definition for ‘lm’
    profsimcode: no visible global function definition for ‘as.formula’
    profsimcode: no visible global function definition for ‘lm’
    profsimcode: no visible global function definition for ‘model.matrix’
    totalutilities: no visible global function definition for ‘as.formula’
    totalutilities: no visible global function definition for ‘lm’
    totalutilities: no visible global function definition for
     ‘model.matrix’
    utlsplot: no visible global function definition for ‘dev.new’
    utlsplot: no visible global function definition for ‘barplot’
    Undefined global functions or variables:
     as.formula barplot cor dev.new kmeans lm model.matrix summary.lm
    Consider adding
     importFrom("grDevices", "dev.new")
     importFrom("graphics", "barplot")
     importFrom("stats", "as.formula", "cor", "kmeans", "lm",
     "model.matrix", "summary.lm")
    to your NAMESPACE file.
Flavors: r-devel-linux-x86_64-debian-clang, r-devel-linux-x86_64-debian-gcc, r-devel-linux-x86_64-fedora-clang, r-devel-linux-x86_64-fedora-gcc, r-devel-windows-ix86+x86_64, r-patched-linux-x86_64, r-patched-solaris-x86, r-release-linux-x86_64, r-release-windows-ix86+x86_64, r-release-osx-x86_64, r-oldrel-windows-ix86+x86_64

Version: 1.39
Check: whether package can be installed
Result: WARN
    Found the following significant warnings:
     Warning: 'rgl_init' failed, running with rgl.useNULL = TRUE
Flavor: r-oldrel-osx-x86_64

Version: 1.39
Check: dependencies in R code
Result: NOTE
    Invalid MIT-MAGIC-COOKIE-1 key
Flavor: r-oldrel-osx-x86_64

Version: 1.39
Check: S3 generic/method consistency
Result: WARN
    Invalid MIT-MAGIC-COOKIE-1 key
    See section ‘Generic functions and methods’ in the ‘Writing R
    Extensions’ manual.
Flavor: r-oldrel-osx-x86_64

Version: 1.39
Check: replacement functions
Result: WARN
    Invalid MIT-MAGIC-COOKIE-1 key
    The argument of a replacement function which corresponds to the right
    hand side must be named ‘value’.
Flavor: r-oldrel-osx-x86_64

Version: 1.39
Check: foreign function calls
Result: NOTE
    Invalid MIT-MAGIC-COOKIE-1 key
    See chapter ‘System and foreign language interfaces’ in the ‘Writing R
    Extensions’ manual.
Flavor: r-oldrel-osx-x86_64

Version: 1.39
Check: R code for possible problems
Result: NOTE
    Invalid MIT-MAGIC-COOKIE-1 keyConjoint: no visible global function definition for ‘dev.new’
    Conjoint: no visible global function definition for ‘barplot’
    caFactorialDesign: no visible global function definition for ‘cor’
    caModel: no visible global function definition for ‘as.formula’
    caModel: no visible global function definition for ‘lm’
    caModel: no visible global function definition for ‘summary.lm’
    caSegmentation: no visible global function definition for ‘kmeans’
    caUtilities: no visible global function definition for ‘as.formula’
    caUtilities: no visible global function definition for ‘lm’
    caUtilities: no visible global function definition for ‘summary.lm’
    partutilities: no visible global function definition for ‘as.formula’
    partutilities: no visible global function definition for ‘lm’
    partutils: no visible global function definition for ‘as.formula’
    partutils: no visible global function definition for ‘lm’
    profsimcode: no visible global function definition for ‘as.formula’
    profsimcode: no visible global function definition for ‘lm’
    profsimcode: no visible global function definition for ‘model.matrix’
    totalutilities: no visible global function definition for ‘as.formula’
    totalutilities: no visible global function definition for ‘lm’
    totalutilities: no visible global function definition for
     ‘model.matrix’
    utlsplot: no visible global function definition for ‘dev.new’
    utlsplot: no visible global function definition for ‘barplot’
    Undefined global functions or variables:
     as.formula barplot cor dev.new kmeans lm model.matrix summary.lm
    Consider adding
     importFrom("grDevices", "dev.new")
     importFrom("graphics", "barplot")
     importFrom("stats", "as.formula", "cor", "kmeans", "lm",
     "model.matrix", "summary.lm")
    to your NAMESPACE file.
Flavor: r-oldrel-osx-x86_64

Version: 1.39
Check: for missing documentation entries
Result: WARN
    Invalid MIT-MAGIC-COOKIE-1 key
    All user-level objects in a package should have documentation entries.
    See chapter ‘Writing R documentation files’ in the ‘Writing R
    Extensions’ manual.
Flavor: r-oldrel-osx-x86_64

Version: 1.39
Check: for code/documentation mismatches
Result: WARN
    Invalid MIT-MAGIC-COOKIE-1 key
    Invalid MIT-MAGIC-COOKIE-1 key
    Invalid MIT-MAGIC-COOKIE-1 key
Flavor: r-oldrel-osx-x86_64

Version: 1.39
Check: Rd \usage sections
Result: NOTE
    Invalid MIT-MAGIC-COOKIE-1 key
    The \usage entries for S3 methods should use the \method markup and not
    their full name.
    See chapter ‘Writing R documentation files’ in the ‘Writing R
    Extensions’ manual.
Flavor: r-oldrel-osx-x86_64