CRAN Package Check Results for Package convexjlr

Last updated on 2017-07-31 01:46:52.

Flavor Version Tinstall Tcheck Ttotal Status Flags
r-devel-linux-x86_64-debian-clang 0.5.1 0.92 20.91 21.82 OK
r-devel-linux-x86_64-debian-gcc 0.5.1 0.95 14.33 15.28 OK
r-devel-linux-x86_64-fedora-clang 0.5.1 26.45 OK
r-devel-linux-x86_64-fedora-gcc 0.5.1 25.14 OK
r-devel-windows-ix86+x86_64 0.5.1 4.00 54.00 58.00 OK
r-patched-linux-x86_64 0.5.1 0.82 20.73 21.56 OK
r-patched-solaris-x86 0.5.1 38.70 ERROR
r-release-linux-x86_64 0.5.1 1.02 20.91 21.93 OK
r-release-windows-ix86+x86_64 0.5.1 3.00 50.00 53.00 OK
r-release-osx-x86_64 0.5.1 OK
r-oldrel-windows-ix86+x86_64 0.5.1 4.00 36.00 40.00 OK
r-oldrel-osx-x86_64 0.5.1 OK

Check Details

Version: 0.5.1
Check: tests
Result: ERROR
     Running ‘testthat.R’ [2s/63s]
    Running the tests in ‘tests/testthat.R’ failed.
    Complete output:
     > library(testthat)
     > library(convexjlr)
    
     Attaching package: 'convexjlr'
    
     The following object is masked from 'package:base':
    
     norm
    
     >
     > test_check("convexjlr")
     Doing initialization. It may take some time. Please wait.
     sh: no: not found
    
     Error in file(con, "r") : all connections are in use
     Calls: test_check ... with_reporter -> force -> source_file -> readLines -> file
     testthat results ================================================================
     OK: 0 SKIPPED: 0 FAILED: 0
     Execution halted
Flavor: r-patched-solaris-x86