CRAN Package Check Results for Package cp4p

Last updated on 2017-07-31 01:46:52.

Flavor Version Tinstall Tcheck Ttotal Status Flags
r-devel-linux-x86_64-debian-clang 0.3.5 4.41 59.44 63.85 OK
r-devel-linux-x86_64-debian-gcc 0.3.5 4.27 51.34 55.61 OK
r-devel-linux-x86_64-fedora-clang 0.3.5 126.76 OK
r-devel-linux-x86_64-fedora-gcc 0.3.5 121.41 OK
r-devel-windows-ix86+x86_64 0.3.5 21.00 128.00 149.00 OK
r-patched-linux-x86_64 0.3.5 4.86 59.31 64.17 OK
r-patched-solaris-x86 0.3.5 167.90 OK
r-release-linux-x86_64 0.3.5 4.55 59.23 63.77 OK
r-release-windows-ix86+x86_64 0.3.5 12.00 131.00 143.00 OK
r-release-osx-x86_64 0.3.5 ERROR
r-oldrel-windows-ix86+x86_64 0.3.5 17.00 89.00 106.00 OK
r-oldrel-osx-x86_64 0.3.5 OK

Check Details

Version: 0.3.5
Check: package dependencies
Result: ERROR
    Package required but not available: ‘qvalue’
    
    See section ‘The DESCRIPTION file’ in the ‘Writing R Extensions’
    manual.
Flavor: r-release-osx-x86_64