Last updated on 2017-07-31 01:46:53.
Flavor | Version | Tinstall | Tcheck | Ttotal | Status | Flags |
---|---|---|---|---|---|---|
r-devel-linux-x86_64-debian-clang | 0.6.1.1 | 0.97 | 30.56 | 31.54 | OK | |
r-devel-linux-x86_64-debian-gcc | 0.6.1.1 | 1.03 | 24.20 | 25.24 | OK | |
r-devel-linux-x86_64-fedora-clang | 0.6.1.1 | 46.25 | OK | |||
r-devel-linux-x86_64-fedora-gcc | 0.6.1.1 | 46.17 | OK | |||
r-devel-windows-ix86+x86_64 | 0.6.1.1 | 6.00 | 72.00 | 78.00 | OK | |
r-patched-linux-x86_64 | 0.6.1.1 | 1.06 | 31.36 | 32.42 | OK | |
r-patched-solaris-x86 | 0.6.1.1 | 59.70 | WARN | |||
r-release-linux-x86_64 | 0.6.1.1 | 0.97 | 31.69 | 32.66 | OK | |
r-release-windows-ix86+x86_64 | 0.6.1.1 | 5.00 | 72.00 | 77.00 | OK | |
r-release-osx-x86_64 | 0.6.1.1 | WARN | ||||
r-oldrel-windows-ix86+x86_64 | 0.6.1.1 | 5.00 | 46.00 | 51.00 | OK | |
r-oldrel-osx-x86_64 | 0.6.1.1 | OK |
Version: 0.6.1.1
Check: re-building of vignette outputs
Result: WARN
Error in re-building vignettes:
...
Warning in engine$weave(file, quiet = quiet, encoding = enc) :
Pandoc (>= 1.12.3) and/or pandoc-citeproc not available. Falling back to R Markdown v1.
Quitting from lines 27-38 (Introduction.Rmd)
Error: processing vignette 'Introduction.Rmd' failed with diagnostics:
cannot open the connection
Execution halted
Flavors: r-patched-solaris-x86, r-release-osx-x86_64