Last updated on 2017-07-31 01:46:53.
Flavor | Version | Tinstall | Tcheck | Ttotal | Status | Flags |
---|---|---|---|---|---|---|
r-devel-linux-x86_64-debian-clang | 0.6.6 | 0.71 | 20.81 | 21.51 | OK | |
r-devel-linux-x86_64-debian-gcc | 0.6.6 | 0.80 | 14.76 | 15.56 | OK | |
r-devel-linux-x86_64-fedora-clang | 0.6.6 | 26.21 | OK | |||
r-devel-linux-x86_64-fedora-gcc | 0.6.6 | 25.41 | OK | |||
r-devel-windows-ix86+x86_64 | 0.6.6 | 6.00 | 44.00 | 50.00 | OK | |
r-patched-linux-x86_64 | 0.6.6 | 0.73 | 20.93 | 21.65 | OK | |
r-patched-solaris-x86 | 0.6.6 | 38.00 | OK | |||
r-release-linux-x86_64 | 0.6.6 | 0.69 | 20.95 | 21.64 | OK | |
r-release-windows-ix86+x86_64 | 0.6.6 | 3.00 | 49.00 | 52.00 | OK | |
r-release-osx-x86_64 | 0.6.6 | OK | ||||
r-oldrel-windows-ix86+x86_64 | 0.6.6 | 5.00 | 29.00 | 34.00 | OK | |
r-oldrel-osx-x86_64 | 0.6.6 | ERROR |
Version: 0.6.6
Check: tests
Result: ERROR
Running the tests in ‘tests/testthat.R’ failed.
Last 13 lines of output:
9: http_error(HEAD(x, ...))
10: HEAD(x, ...)
11: request_perform(req, hu$handle$handle)
12: request_fetch(req$output, req$url, handle)
13: request_fetch.write_memory(req$output, req$url, handle)
14: curl::curl_fetch_memory(url, handle = handle)
testthat results ================================================================
OK: 10 SKIPPED: 4 FAILED: 1
1. Error: d3_dep-* src href is a valid url (@test_deps.R#18)
Error: testthat unit tests failed
Execution halted
Flavor: r-oldrel-osx-x86_64