CRAN Package Check Results for Package dartR

Last updated on 2017-07-31 01:46:53.

Flavor Version Tinstall Tcheck Ttotal Status Flags
r-devel-linux-x86_64-debian-clang 0.80 5.74 157.79 163.52 OK
r-devel-linux-x86_64-debian-gcc 0.80 5.90 152.65 158.55 OK
r-devel-linux-x86_64-fedora-clang 0.80 318.71 NOTE
r-devel-linux-x86_64-fedora-gcc 0.80 326.03 NOTE
r-devel-windows-ix86+x86_64 0.80 25.00 340.00 365.00 OK
r-patched-linux-x86_64 0.80 5.72 167.45 173.16 OK
r-release-linux-x86_64 0.80 5.74 172.66 178.41 OK
r-release-windows-ix86+x86_64 0.80 38.00 356.00 394.00 OK
r-release-osx-x86_64 0.80 ERROR
r-oldrel-windows-ix86+x86_64 0.80 18.00 262.00 280.00 OK
r-oldrel-osx-x86_64 0.80 NOTE

Check Details

Version: 0.80
Check: dependencies in R code
Result: NOTE
    Namespaces in Imports field not imported from:
     ‘Demerelate’ ‘misc3d’ ‘quadprog’ ‘rgl’
     All declared Imports should be used.
Flavors: r-devel-linux-x86_64-fedora-clang, r-devel-linux-x86_64-fedora-gcc, r-oldrel-osx-x86_64

Version: 0.80
Check: package dependencies
Result: ERROR
    Package required but not available: ‘SNPRelate’
    
    See section ‘The DESCRIPTION file’ in the ‘Writing R Extensions’
    manual.
Flavor: r-release-osx-x86_64