Last updated on 2017-07-31 01:46:53.
Flavor | Version | Tinstall | Tcheck | Ttotal | Status | Flags |
---|---|---|---|---|---|---|
r-devel-linux-x86_64-debian-clang | 0.1.2 | 0.57 | 19.75 | 20.33 | NOTE | |
r-devel-linux-x86_64-debian-gcc | 0.1.2 | 0.59 | 12.54 | 13.13 | NOTE | |
r-devel-linux-x86_64-fedora-clang | 0.1.2 | 23.56 | NOTE | |||
r-devel-linux-x86_64-fedora-gcc | 0.1.2 | 23.56 | NOTE | |||
r-devel-windows-ix86+x86_64 | 0.1.2 | 3.00 | 37.00 | 40.00 | OK | |
r-patched-linux-x86_64 | 0.1.2 | 0.64 | 19.16 | 19.80 | NOTE | |
r-patched-solaris-x86 | 0.1.2 | 34.70 | NOTE | |||
r-release-linux-x86_64 | 0.1.2 | 0.60 | 18.98 | 19.58 | NOTE | |
r-release-windows-ix86+x86_64 | 0.1.2 | 2.00 | 39.00 | 41.00 | OK | |
r-release-osx-x86_64 | 0.1.2 | OK | ||||
r-oldrel-windows-ix86+x86_64 | 0.1.2 | 3.00 | 27.00 | 30.00 | OK | |
r-oldrel-osx-x86_64 | 0.1.2 | OK |
Version: 0.1.2
Check: S3 generic/method consistency
Result: NOTE
Found the following apparent S3 methods exported but not registered:
[.timeline [<-.timepoint [[.timeline
See section ‘Registering S3 methods’ in the ‘Writing R Extensions’
manual.
Flavors: r-devel-linux-x86_64-debian-clang, r-devel-linux-x86_64-debian-gcc, r-devel-linux-x86_64-fedora-clang, r-devel-linux-x86_64-fedora-gcc, r-patched-linux-x86_64, r-patched-solaris-x86, r-release-linux-x86_64