Last updated on 2017-07-31 01:46:53.
Flavor | Version | Tinstall | Tcheck | Ttotal | Status | Flags |
---|---|---|---|---|---|---|
r-devel-linux-x86_64-debian-clang | 1.2 | 0.88 | 22.58 | 23.46 | OK | |
r-devel-linux-x86_64-debian-gcc | 1.2 | 0.88 | 16.03 | 16.91 | OK | |
r-devel-linux-x86_64-fedora-clang | 1.2 | 29.41 | OK | |||
r-devel-linux-x86_64-fedora-gcc | 1.2 | 28.24 | OK | |||
r-devel-windows-ix86+x86_64 | 1.2 | 4.00 | 46.00 | 50.00 | OK | |
r-patched-linux-x86_64 | 1.2 | 0.88 | 22.75 | 23.63 | OK | |
r-patched-solaris-x86 | 1.2 | 40.00 | NOTE | |||
r-release-linux-x86_64 | 1.2 | 0.91 | 23.02 | 23.94 | OK | |
r-release-windows-ix86+x86_64 | 1.2 | 4.00 | 46.00 | 50.00 | OK | |
r-release-osx-x86_64 | 1.2 | OK | ||||
r-oldrel-windows-ix86+x86_64 | 1.2 | 5.00 | 33.00 | 38.00 | OK | |
r-oldrel-osx-x86_64 | 1.2 | OK |
Version: 1.2
Check: installed package size
Result: NOTE
installed size is 5.1Mb
sub-directories of 1Mb or more:
extdata 4.9Mb
Flavor: r-patched-solaris-x86