Last updated on 2017-07-31 01:46:53.
Flavor | Version | Tinstall | Tcheck | Ttotal | Status | Flags |
---|---|---|---|---|---|---|
r-devel-linux-x86_64-debian-clang | 0.1-14 | 5.04 | 25.03 | 30.07 | NOTE | |
r-devel-linux-x86_64-debian-gcc | 0.1-14 | 3.47 | 16.02 | 19.49 | NOTE | |
r-devel-linux-x86_64-fedora-clang | 0.1-14 | 32.55 | NOTE | |||
r-devel-linux-x86_64-fedora-gcc | 0.1-14 | 31.15 | NOTE | |||
r-devel-windows-ix86+x86_64 | 0.1-14 | 48.00 | 55.00 | 103.00 | OK | |
r-patched-linux-x86_64 | 0.1-14 | 3.63 | 24.31 | 27.94 | NOTE | |
r-patched-solaris-x86 | 0.1-14 | 54.00 | NOTE | |||
r-release-linux-x86_64 | 0.1-14 | 3.29 | 24.57 | 27.86 | NOTE | |
r-release-windows-ix86+x86_64 | 0.1-14 | 28.00 | 38.00 | 66.00 | OK | |
r-release-osx-x86_64 | 0.1-14 | OK | ||||
r-oldrel-windows-ix86+x86_64 | 0.1-14 | 31.00 | 36.00 | 67.00 | OK | |
r-oldrel-osx-x86_64 | 0.1-14 | OK |
Version: 0.1-14
Check: S3 generic/method consistency
Result: NOTE
Found the following apparent S3 methods exported but not registered:
[.triang.list
See section ‘Registering S3 methods’ in the ‘Writing R Extensions’
manual.
Flavors: r-devel-linux-x86_64-debian-clang, r-devel-linux-x86_64-debian-gcc, r-devel-linux-x86_64-fedora-clang, r-devel-linux-x86_64-fedora-gcc, r-patched-linux-x86_64, r-patched-solaris-x86, r-release-linux-x86_64