Last updated on 2017-07-31 01:46:53.
Flavor | Version | Tinstall | Tcheck | Ttotal | Status | Flags |
---|---|---|---|---|---|---|
r-devel-linux-x86_64-debian-clang | 1.5.2 | 4.46 | 207.68 | 212.15 | OK | |
r-devel-linux-x86_64-debian-gcc | 1.5.2 | 4.14 | 195.03 | 199.17 | OK | |
r-devel-linux-x86_64-fedora-clang | 1.5.2 | 395.97 | OK | |||
r-devel-linux-x86_64-fedora-gcc | 1.5.2 | 384.26 | OK | |||
r-devel-windows-ix86+x86_64 | 1.5.2 | 16.00 | 388.00 | 404.00 | OK | |
r-patched-linux-x86_64 | 1.5.2 | 4.32 | 219.20 | 223.52 | OK | |
r-patched-solaris-x86 | 1.5.2 | 445.70 | WARN | |||
r-release-linux-x86_64 | 1.5.2 | 4.16 | 219.12 | 223.28 | OK | |
r-release-windows-ix86+x86_64 | 1.5.2 | 15.00 | 401.00 | 416.00 | OK | |
r-release-osx-x86_64 | 1.5.2 | WARN | ||||
r-oldrel-windows-ix86+x86_64 | 1.5.2 | 20.00 | 314.00 | 334.00 | OK | |
r-oldrel-osx-x86_64 | 1.5.2 | WARN |
Version: 1.5.2
Check: package dependencies
Result: NOTE
Package suggested but not available for checking: ‘microbenchmark’
Flavor: r-patched-solaris-x86
Version: 1.5.2
Check: re-building of vignette outputs
Result: WARN
Error in re-building vignettes:
...
Warning in engine$weave(file, quiet = quiet, encoding = enc) :
Pandoc (>= 1.12.3) and/or pandoc-citeproc not available. Falling back to R Markdown v1.
---------------------
Welcome to dendextend version 1.5.2
Type citation('dendextend') for how to cite the package.
Type browseVignettes(package = 'dendextend') for the package vignette.
The github page is: https://github.com/talgalili/dendextend/
Suggestions and bug-reports can be submitted at: https://github.com/talgalili/dendextend/issues
Or contact: <tal.galili@gmail.com>
To suppress this message use: suppressPackageStartupMessages(library(dendextend))
---------------------
Attaching package: 'dendextend'
The following object is masked from 'package:stats':
cutree
Warning in engine$weave(file, quiet = quiet, encoding = enc) :
Pandoc (>= 1.12.3) and/or pandoc-citeproc not available. Falling back to R Markdown v1.
Warning in engine$weave(file, quiet = quiet, encoding = enc) :
Pandoc (>= 1.12.3) and/or pandoc-citeproc not available. Falling back to R Markdown v1.
Warning in engine$weave(file, quiet = quiet, encoding = enc) :
Pandoc (>= 1.12.3) and/or pandoc-citeproc not available. Falling back to R Markdown v1.
Attaching package: 'gplots'
The following objects are masked from 'package:seriation':
bluered, greenred
The following object is masked from 'package:stats':
lowess
Loading required package: pkgmaker
Loading required package: registry
Attaching package: 'pkgmaker'
The following object is masked from 'package:base':
isNamespaceLoaded
Loading required package: rngtools
# NOTE - CRAN check detected: limiting maximum number of cores [2/16]
NMF - BioConductor layer [OK] | Shared memory capabilities [OK] | Cores 2/2 | CRAN check
PhantomJS not found. You can install it with webshot::install_phantomjs(). If it is installed, please make sure the phantomjs executable can be found via the PATH variable.
Quitting from lines 925-927 (introduction.Rmd)
Error: processing vignette 'introduction.Rmd' failed with diagnostics:
cannot open the connection
Execution halted
Flavor: r-patched-solaris-x86
Version: 1.5.2
Check: Rd cross-references
Result: NOTE
Packages unavailable to check Rd xrefs: ‘WGCNA’, ‘moduleColor’
Flavor: r-release-osx-x86_64
Version: 1.5.2
Check: re-building of vignette outputs
Result: WARN
Error in re-building vignettes:
...
The following object is masked from 'package:stats':
lowess
Loading required package: pkgmaker
Loading required package: registry
Attaching package: 'pkgmaker'
The following object is masked from 'package:base':
isNamespaceLoaded
Loading required package: rngtools
# NOTE - CRAN check detected: limiting maximum number of cores [2/8]
NMF - BioConductor layer [NO: missing Biobase] | Shared memory capabilities [OK] | Cores 2/2 | CRAN check
To enable the Bioconductor layer, try: install.extras('
NMF
') [with Bioconductor repository enabled]
PhantomJS not found. You can install it with webshot::install_phantomjs(). If it is installed, please make sure the phantomjs executable can be found via the PATH variable.
Quitting from lines 925-927 (introduction.Rmd)
Error: processing vignette 'introduction.Rmd' failed with diagnostics:
cannot open the connection
Execution halted
Flavor: r-release-osx-x86_64
Version: 1.5.2
Check: re-building of vignette outputs
Result: WARN
Error in re-building vignettes:
...
The following objects are masked from 'package:seriation':
bluered, greenred
The following object is masked from 'package:stats':
lowess
Loading required package: pkgmaker
Loading required package: registry
Attaching package: 'pkgmaker'
The following object is masked from 'package:base':
isNamespaceLoaded
Loading required package: rngtools
# NOTE - CRAN check detected: limiting maximum number of cores [2/16]
NMF - BioConductor layer [OK] | Shared memory capabilities [OK] | Cores 2/2 | CRAN check
PhantomJS not found. You can install it with webshot::install_phantomjs(). If it is installed, please make sure the phantomjs executable can be found via the PATH variable.
Quitting from lines 925-927 (introduction.Rmd)
Error: processing vignette 'introduction.Rmd' failed with diagnostics:
cannot open the connection
Execution halted
Flavor: r-oldrel-osx-x86_64