Last updated on 2017-07-31 01:46:53.
Flavor | Version | Tinstall | Tcheck | Ttotal | Status | Flags |
---|---|---|---|---|---|---|
r-devel-linux-x86_64-debian-clang | 0.9.14 | 3.41 | 30.38 | 33.79 | NOTE | |
r-devel-linux-x86_64-debian-gcc | 0.9.14 | 3.11 | 23.41 | 26.52 | NOTE | |
r-devel-linux-x86_64-fedora-clang | 0.9.14 | 45.82 | NOTE | |||
r-devel-linux-x86_64-fedora-gcc | 0.9.14 | 44.30 | NOTE | |||
r-devel-windows-ix86+x86_64 | 0.9.14 | 19.00 | 93.00 | 112.00 | NOTE | |
r-patched-linux-x86_64 | 0.9.14 | 3.10 | 29.66 | 32.76 | NOTE | |
r-patched-solaris-x86 | 0.9.14 | 67.30 | NOTE | |||
r-release-linux-x86_64 | 0.9.14 | 3.01 | 30.30 | 33.31 | NOTE | |
r-release-windows-ix86+x86_64 | 0.9.14 | 17.00 | 70.00 | 87.00 | NOTE | |
r-release-osx-x86_64 | 0.9.14 | NOTE | ||||
r-oldrel-windows-ix86+x86_64 | 0.9.14 | 25.00 | 48.00 | 73.00 | NOTE | |
r-oldrel-osx-x86_64 | 0.9.14 | NOTE |
Version: 0.9.14
Check: package dependencies
Result: NOTE
Package suggested but not available for checking: ‘Rdonlp2’
Flavors: r-devel-linux-x86_64-debian-clang, r-devel-linux-x86_64-debian-gcc, r-devel-linux-x86_64-fedora-clang, r-devel-linux-x86_64-fedora-gcc, r-devel-windows-ix86+x86_64, r-patched-linux-x86_64, r-patched-solaris-x86, r-release-linux-x86_64, r-release-windows-ix86+x86_64, r-release-osx-x86_64, r-oldrel-windows-ix86+x86_64, r-oldrel-osx-x86_64
Version: 0.9.14
Check: compiled code
Result: NOTE
File ‘depmix/libs/depmix.so’:
Found no calls to: ‘R_registerRoutines’, ‘R_useDynamicSymbols’
It is good practice to register native routines and to disable symbol
search.
See ‘Writing portable packages’ in the ‘Writing R Extensions’ manual.
Flavors: r-devel-linux-x86_64-debian-clang, r-devel-linux-x86_64-debian-gcc, r-devel-linux-x86_64-fedora-clang, r-devel-linux-x86_64-fedora-gcc, r-patched-linux-x86_64, r-release-linux-x86_64