Last updated on 2017-07-31 01:46:53.
Flavor | Version | Tinstall | Tcheck | Ttotal | Status | Flags |
---|---|---|---|---|---|---|
r-devel-linux-x86_64-debian-clang | 0.3.0 | 1.08 | 38.49 | 39.57 | NOTE | |
r-devel-linux-x86_64-debian-gcc | 0.3.0 | 1.01 | 30.58 | 31.58 | NOTE | |
r-devel-linux-x86_64-fedora-clang | 0.3.0 | 52.95 | NOTE | |||
r-devel-linux-x86_64-fedora-gcc | 0.3.0 | 50.84 | NOTE | |||
r-devel-windows-ix86+x86_64 | 0.3.0 | 5.00 | 90.00 | 95.00 | NOTE | |
r-patched-linux-x86_64 | 0.3.0 | 1.07 | 37.01 | 38.07 | NOTE | |
r-patched-solaris-x86 | 0.3.0 | 86.30 | NOTE | |||
r-release-linux-x86_64 | 0.3.0 | 1.08 | 37.09 | 38.18 | NOTE | |
r-release-windows-ix86+x86_64 | 0.3.0 | 4.00 | 70.00 | 74.00 | NOTE | |
r-release-osx-x86_64 | 0.3.0 | ERROR | ||||
r-oldrel-windows-ix86+x86_64 | 0.3.0 | 6.00 | 52.00 | 58.00 | NOTE | |
r-oldrel-osx-x86_64 | 0.3.0 | NOTE |
Version: 0.3.0
Check: package dependencies
Result: NOTE
Package suggested but not available for checking: ‘gurobi’
Flavors: r-devel-linux-x86_64-debian-clang, r-devel-linux-x86_64-debian-gcc, r-patched-linux-x86_64, r-release-linux-x86_64
Version: 0.3.0
Check: package dependencies
Result: NOTE
Packages suggested but not available for checking: ‘gurobi’ ‘Rcplex’
Flavors: r-devel-linux-x86_64-fedora-clang, r-devel-linux-x86_64-fedora-gcc, r-devel-windows-ix86+x86_64, r-release-windows-ix86+x86_64, r-oldrel-windows-ix86+x86_64
Version: 0.3.0
Check: package dependencies
Result: NOTE
Packages suggested but not available for checking:
‘gurobi’ ‘Rcplex’ ‘Rsymphony’
Flavors: r-patched-solaris-x86, r-oldrel-osx-x86_64
Version: 0.3.0
Check: package dependencies
Result: ERROR
Package required but not available: ‘Rglpk’
Packages suggested but not available for checking:
‘gurobi’ ‘Rcplex’ ‘Rsymphony’
See section ‘The DESCRIPTION file’ in the ‘Writing R Extensions’
manual.
Flavor: r-release-osx-x86_64