Last updated on 2017-07-31 01:46:54.
Flavor | Version | Tinstall | Tcheck | Ttotal | Status | Flags |
---|---|---|---|---|---|---|
r-devel-linux-x86_64-debian-clang | 1.4.3 | 4.41 | 320.43 | 324.85 | OK | |
r-devel-linux-x86_64-debian-gcc | 1.4.3 | 4.08 | 308.97 | 313.05 | OK | |
r-devel-linux-x86_64-fedora-clang | 1.4.3 | 631.78 | OK | |||
r-devel-linux-x86_64-fedora-gcc | 1.4.3 | 622.59 | OK | |||
r-devel-windows-ix86+x86_64 | 1.4.3 | 14.00 | 688.00 | 702.00 | OK | |
r-patched-linux-x86_64 | 1.4.3 | 4.22 | 323.26 | 327.47 | OK | |
r-patched-solaris-x86 | 1.4.3 | 777.60 | OK | |||
r-release-linux-x86_64 | 1.4.3 | 3.98 | 327.28 | 331.26 | OK | |
r-release-windows-ix86+x86_64 | 1.4.3 | 14.00 | 693.00 | 707.00 | OK | |
r-release-osx-x86_64 | 1.4.3 | WARN | ||||
r-oldrel-windows-ix86+x86_64 | 1.4.3 | 19.00 | 598.00 | 617.00 | OK | |
r-oldrel-osx-x86_64 | 1.4.3 | OK |
Version: 1.4.3
Check: re-building of vignette outputs
Result: WARN
Error in re-building vignettes:
...
(/usr/local/texlive/2016basic/texmf-dist/tex/latex/base/inputenc.sty
(/usr/local/texlive/2016basic/texmf-dist/tex/latex/base/utf8.def
(/usr/local/texlive/2016basic/texmf-dist/tex/latex/base/t1enc.dfu)
(/usr/local/texlive/2016basic/texmf-dist/tex/latex/base/ot1enc.dfu)
(/usr/local/texlive/2016basic/texmf-dist/tex/latex/base/omsenc.dfu)))
(/usr/local/texlive/2016basic/texmf-dist/tex/latex/base/fontenc.sty
(/usr/local/texlive/2016basic/texmf-dist/tex/latex/base/t1enc.def))
! LaTeX Error: File `paralist.sty' not found.
Type X to quit or <RETURN> to proceed,
or enter new name. (Default extension: sty)
Enter file name:
! Emergency stop.
<read *>
l.66 \usepackage
{relsize}^^M
! ==> Fatal error occurred, no output PDF file produced!
Transcript written on diveMove.log.
make: *** [diveMove.pdf] Error 1
Error in buildVignettes(dir = "/Volumes/XT3/Builds/R-dev-web/QA/Simon/packages/el-capitan-x86_64/results/3.4/diveMove.Rcheck/vign_test/diveMove") :
running 'make' failed
Execution halted
Flavor: r-release-osx-x86_64