Last updated on 2017-07-31 01:46:54.
Flavor | Version | Tinstall | Tcheck | Ttotal | Status | Flags |
---|---|---|---|---|---|---|
r-devel-linux-x86_64-debian-clang | 1.1-4 | 7.29 | 59.90 | 67.18 | NOTE | |
r-devel-linux-x86_64-debian-gcc | 1.1-4 | 5.41 | 44.18 | 49.59 | NOTE | |
r-devel-linux-x86_64-fedora-clang | 1.1-4 | 101.76 | NOTE | |||
r-devel-linux-x86_64-fedora-gcc | 1.1-4 | 95.90 | NOTE | |||
r-devel-windows-ix86+x86_64 | 1.1-4 | 27.00 | 114.00 | 141.00 | NOTE | |
r-patched-linux-x86_64 | 1.1-4 | 5.24 | 57.81 | 63.04 | NOTE | |
r-patched-solaris-x86 | 1.1-4 | 133.20 | NOTE | |||
r-release-linux-x86_64 | 1.1-4 | 5.16 | 57.82 | 62.98 | NOTE | |
r-release-windows-ix86+x86_64 | 1.1-4 | 18.00 | 112.00 | 130.00 | NOTE | |
r-release-osx-x86_64 | 1.1-4 | NOTE | ||||
r-oldrel-windows-ix86+x86_64 | 1.1-4 | 24.00 | 83.00 | 107.00 | NOTE | |
r-oldrel-osx-x86_64 | 1.1-4 | NOTE |
Version: 1.1-4
Check: DESCRIPTION meta-information
Result: NOTE
Malformed Description field: should contain one or more complete sentences.
Flavors: r-devel-linux-x86_64-debian-clang, r-devel-linux-x86_64-debian-gcc, r-devel-linux-x86_64-fedora-clang, r-devel-linux-x86_64-fedora-gcc, r-devel-windows-ix86+x86_64, r-patched-linux-x86_64, r-patched-solaris-x86, r-release-linux-x86_64, r-release-windows-ix86+x86_64, r-release-osx-x86_64, r-oldrel-windows-ix86+x86_64, r-oldrel-osx-x86_64
Version: 1.1-4
Check: S3 generic/method consistency
Result: NOTE
Found the following apparent S3 methods exported but not registered:
dlmSmooth.default
See section ‘Registering S3 methods’ in the ‘Writing R Extensions’
manual.
Flavors: r-devel-linux-x86_64-debian-clang, r-devel-linux-x86_64-debian-gcc, r-devel-linux-x86_64-fedora-clang, r-devel-linux-x86_64-fedora-gcc, r-patched-linux-x86_64, r-patched-solaris-x86, r-release-linux-x86_64
Version: 1.1-4
Check: R code for possible problems
Result: NOTE
arms: no visible global function definition for ‘rnorm’
dlmBSample: no visible global function definition for ‘tsp’
dlmBSample: no visible global function definition for ‘rnorm’
dlmBSample: no visible global function definition for ‘tsp<-’
dlmFilter: no visible global function definition for ‘tsp’
dlmFilter: no visible global function definition for ‘tsp<-’
dlmForecast: no visible global function definition for ‘is.ts’
dlmForecast: no visible global function definition for ‘window’
dlmForecast: no visible global function definition for ‘end’
dlmForecast: no visible global function definition for ‘tsp<-’
dlmForecast: no visible global function definition for ‘tsp’
dlmForecast: no visible global function definition for ‘rnorm’
dlmForecast: no visible global function definition for ‘ts’
dlmForecast : <anonymous>: no visible global function definition for
‘ts’
dlmGibbsDIG: no visible global function definition for ‘hasArg’
dlmGibbsDIG: no visible global function definition for ‘txtProgressBar’
dlmGibbsDIG: no visible global function definition for
‘setTxtProgressBar’
dlmGibbsDIG: no visible global function definition for ‘rgamma’
dlmMLE: no visible global function definition for ‘optim’
dlmModARMA: no visible global function definition for ‘hasArg’
dlmModTrig: no visible global function definition for ‘hasArg’
dlmRandom: no visible global function definition for ‘rnorm’
dlmRandom: no visible global function definition for ‘runif’
dlmRandom: no visible global function definition for ‘hasArg’
dropFirst: no visible global function definition for ‘start’
dropFirst: no visible global function definition for ‘frequency’
dropFirst: no visible global function definition for ‘window’
dropFirst: no visible global function definition for ‘tsp’
ergMean: no visible global function definition for ‘hasArg’
mcmcMean : univariateSD: no visible global function definition for
‘acf’
mcmcMean : univariateSD: no visible global function definition for
‘var’
mcmcMeans : univariateSD: no visible global function definition for
‘acf’
mcmcMeans : univariateSD: no visible global function definition for
‘var’
mcmcSD : univariate: no visible global function definition for ‘acf’
mcmcSD : univariate: no visible global function definition for ‘var’
residuals.dlmFiltered: no visible global function definition for
‘is.ts’
rwishart: no visible global function definition for ‘rchisq’
rwishart: no visible global function definition for ‘rnorm’
tsdiag.dlmFiltered: no visible global function definition for
‘residuals’
tsdiag.dlmFiltered: no visible global function definition for ‘par’
tsdiag.dlmFiltered: no visible global function definition for ‘plot’
tsdiag.dlmFiltered: no visible global function definition for ‘abline’
tsdiag.dlmFiltered: no visible global function definition for ‘acf’
tsdiag.dlmFiltered: no visible binding for global variable ‘na.pass’
tsdiag.dlmFiltered: no visible global function definition for
‘Box.test’
tsdiag.dlmFiltered: no visible global function definition for
‘dev.interactive’
tsdiag.dlmFiltered: no visible global function definition for ‘mtext’
Undefined global functions or variables:
Box.test abline acf dev.interactive end frequency hasArg is.ts mtext
na.pass optim par plot rchisq residuals rgamma rnorm runif
setTxtProgressBar start ts tsp tsp<- txtProgressBar var window
Consider adding
importFrom("grDevices", "dev.interactive")
importFrom("graphics", "abline", "mtext", "par", "plot")
importFrom("methods", "hasArg")
importFrom("stats", "Box.test", "acf", "end", "frequency", "is.ts",
"na.pass", "optim", "rchisq", "residuals", "rgamma",
"rnorm", "runif", "start", "ts", "tsp", "tsp<-", "var",
"window")
importFrom("utils", "setTxtProgressBar", "txtProgressBar")
to your NAMESPACE file (and ensure that your DESCRIPTION Imports field
contains 'methods').
Flavors: r-devel-linux-x86_64-debian-clang, r-devel-linux-x86_64-debian-gcc, r-devel-linux-x86_64-fedora-clang, r-devel-linux-x86_64-fedora-gcc, r-devel-windows-ix86+x86_64, r-patched-linux-x86_64, r-patched-solaris-x86, r-release-linux-x86_64, r-release-windows-ix86+x86_64, r-release-osx-x86_64, r-oldrel-windows-ix86+x86_64, r-oldrel-osx-x86_64
Version: 1.1-4
Check: compiled code
Result: NOTE
File ‘dlm/libs/dlm.so’:
Found no calls to: ‘R_registerRoutines’, ‘R_useDynamicSymbols’
It is good practice to register native routines and to disable symbol
search.
See ‘Writing portable packages’ in the ‘Writing R Extensions’ manual.
Flavors: r-devel-linux-x86_64-debian-clang, r-devel-linux-x86_64-debian-gcc, r-devel-linux-x86_64-fedora-clang, r-devel-linux-x86_64-fedora-gcc, r-patched-linux-x86_64, r-release-linux-x86_64