CRAN Package Check Results for Package doBy

Last updated on 2017-07-31 01:46:54.

Flavor Version Tinstall Tcheck Ttotal Status Flags
r-devel-linux-x86_64-debian-clang 4.5-15 2.90 72.25 75.15 OK
r-devel-linux-x86_64-debian-gcc 4.5-15 3.07 55.49 58.56 OK
r-devel-linux-x86_64-fedora-clang 4.5-15 125.01 OK
r-devel-linux-x86_64-fedora-gcc 4.5-15 127.72 OK
r-devel-windows-ix86+x86_64 4.5-15 11.00 149.00 160.00 OK
r-patched-linux-x86_64 4.5-15 3.01 72.40 75.41 OK
r-patched-solaris-x86 4.5-15 168.70 OK
r-release-linux-x86_64 4.5-15 3.08 72.35 75.44 OK
r-release-windows-ix86+x86_64 4.5-15 9.00 146.00 155.00 OK
r-release-osx-x86_64 4.5-15 NOTE
r-oldrel-windows-ix86+x86_64 4.5-15 11.00 100.00 111.00 OK
r-oldrel-osx-x86_64 4.5-15 OK

Check Details

Version: 4.5-15
Check: re-building of vignette outputs
Result: NOTE
    Error in re-building vignettes:
     ...
    Loading required package: TH.data
    Loading required package: MASS
    
    Attaching package: ‘TH.data’
    
    The following object is masked from ‘package:MASS’:
    
     geyser
    
    Error in texi2dvi(file = file, pdf = TRUE, clean = clean, quiet = quiet, :
     Running 'texi2dvi' on 'LSmeans.tex' failed.
    LaTeX errors:
    ! LaTeX Error: File `boxedminipage.sty' not found.
    
    Type X to quit or <RETURN> to proceed,
    or enter new name. (Default extension: sty)
    
    ! Emergency stop.
    <read *>
    
    l.13 \usepackage
     [utf8]{inputenc}^^M
    ! ==> Fatal error occurred, no output PDF file produced!
    Calls: buildVignettes -> texi2pdf -> texi2dvi
    Execution halted
Flavor: r-release-osx-x86_64