CRAN Package Check Results for Package docstring

Last updated on 2017-07-31 01:46:54.

Flavor Version Tinstall Tcheck Ttotal Status Flags
r-devel-linux-x86_64-debian-clang 1.0.0 0.84 23.60 24.44 OK
r-devel-linux-x86_64-debian-gcc 1.0.0 0.92 18.45 19.37 OK
r-devel-linux-x86_64-fedora-clang 1.0.0 33.36 OK
r-devel-linux-x86_64-fedora-gcc 1.0.0 34.96 OK
r-devel-windows-ix86+x86_64 1.0.0 6.00 55.00 61.00 OK
r-patched-linux-x86_64 1.0.0 0.86 23.97 24.84 OK
r-patched-solaris-x86 1.0.0 51.80 OK
r-release-linux-x86_64 1.0.0 0.91 23.98 24.89 OK
r-release-windows-ix86+x86_64 1.0.0 4.00 56.00 60.00 OK
r-release-osx-x86_64 1.0.0 NOTE
r-oldrel-windows-ix86+x86_64 1.0.0 5.00 35.00 40.00 OK
r-oldrel-osx-x86_64 1.0.0 OK

Check Details

Version: 1.0.0
Check: package dependencies
Result: NOTE
    Package suggested but not available for checking: ‘devtools’
Flavor: r-release-osx-x86_64