Last updated on 2017-07-31 01:46:54.
Flavor | Version | Tinstall | Tcheck | Ttotal | Status | Flags |
---|---|---|---|---|---|---|
r-devel-linux-x86_64-debian-clang | 0.1.1 | 0.90 | 27.02 | 27.91 | OK | |
r-devel-linux-x86_64-debian-gcc | 0.1.1 | 0.96 | 18.64 | 19.61 | OK | |
r-devel-linux-x86_64-fedora-clang | 0.1.1 | 33.70 | NOTE | |||
r-devel-linux-x86_64-fedora-gcc | 0.1.1 | 32.55 | NOTE | |||
r-devel-windows-ix86+x86_64 | 0.1.1 | 5.00 | 57.00 | 62.00 | OK | |
r-patched-linux-x86_64 | 0.1.1 | 1.15 | 27.00 | 28.14 | OK | |
r-patched-solaris-x86 | 0.1.1 | 42.70 | NOTE | |||
r-release-linux-x86_64 | 0.1.1 | 0.95 | 27.25 | 28.20 | OK | |
r-release-windows-ix86+x86_64 | 0.1.1 | 4.00 | 56.00 | 60.00 | OK | |
r-release-osx-x86_64 | 0.1.1 | NOTE | ||||
r-oldrel-windows-ix86+x86_64 | 0.1.1 | 6.00 | 37.00 | 43.00 | OK | |
r-oldrel-osx-x86_64 | 0.1.1 | NOTE |
Version: 0.1.1
Check: dependencies in R code
Result: NOTE
Namespace in Imports field not imported from: ‘xml2’
All declared Imports should be used.
Flavors: r-devel-linux-x86_64-fedora-clang, r-devel-linux-x86_64-fedora-gcc, r-patched-solaris-x86, r-release-osx-x86_64, r-oldrel-osx-x86_64