CRAN Package Check Results for Package dynia

Last updated on 2017-07-31 01:46:55.

Flavor Version Tinstall Tcheck Ttotal Status Flags
r-devel-linux-x86_64-debian-clang 0.2 2.66 24.65 27.32 NOTE
r-devel-linux-x86_64-debian-gcc 0.2 0.60 17.19 17.79 NOTE
r-devel-linux-x86_64-fedora-clang 0.2 28.32 NOTE
r-devel-linux-x86_64-fedora-gcc 0.2 28.01 NOTE
r-devel-windows-ix86+x86_64 0.2 4.00 48.00 52.00 NOTE
r-patched-linux-x86_64 0.2 0.58 24.16 24.73 NOTE
r-patched-solaris-x86 0.2 37.20 NOTE
r-release-linux-x86_64 0.2 0.68 23.72 24.40 NOTE
r-release-windows-ix86+x86_64 0.2 2.00 35.00 37.00 NOTE
r-release-osx-x86_64 0.2 NOTE
r-oldrel-windows-ix86+x86_64 0.2 2.00 32.00 34.00 NOTE
r-oldrel-osx-x86_64 0.2 NOTE

Check Details

Version: 0.2
Check: R code for possible problems
Result: NOTE
    GetIntMod: no visible global function definition for ‘arima’
    GetLikeDI: no visible global function definition for ‘arima’
    GetLikeDI: no visible global function definition for ‘logLik’
    GetPV: no visible global function definition for ‘optimize’
    GetPV: no visible global function definition for ‘pchisq’
    fitdi: no visible global function definition for ‘optimize’
    Undefined global functions or variables:
     arima logLik optimize pchisq
    Consider adding
     importFrom("stats", "arima", "logLik", "optimize", "pchisq")
    to your NAMESPACE file.
Flavors: r-devel-linux-x86_64-debian-clang, r-devel-linux-x86_64-debian-gcc, r-devel-linux-x86_64-fedora-clang, r-devel-linux-x86_64-fedora-gcc, r-devel-windows-ix86+x86_64, r-patched-linux-x86_64, r-patched-solaris-x86, r-release-linux-x86_64, r-release-windows-ix86+x86_64, r-release-osx-x86_64, r-oldrel-windows-ix86+x86_64, r-oldrel-osx-x86_64