CRAN Package Check Results for Package dynr

Last updated on 2017-07-31 01:46:55.

Flavor Version Tinstall Tcheck Ttotal Status Flags
r-devel-linux-x86_64-debian-clang 0.1.11-2 12.61 72.10 84.70 OK
r-devel-linux-x86_64-debian-gcc 0.1.11-2 12.35 52.54 64.90 OK
r-devel-linux-x86_64-fedora-clang 0.1.11-2 136.40 NOTE
r-devel-linux-x86_64-fedora-gcc 0.1.11-2 130.04 NOTE
r-devel-windows-ix86+x86_64 0.1.11-2 61.00 171.00 232.00 NOTE
r-patched-linux-x86_64 0.1.11-2 11.80 71.73 83.54 OK
r-patched-solaris-x86 0.1.11-2 179.80 NOTE
r-release-linux-x86_64 0.1.11-2 11.79 72.27 84.06 OK
r-release-windows-ix86+x86_64 0.1.11-2 49.00 172.00 221.00 NOTE
r-release-osx-x86_64 0.1.11-2 WARN
r-oldrel-windows-ix86+x86_64 0.1.11-2 71.00 122.00 193.00 NOTE
r-oldrel-osx-x86_64 0.1.11-2 NOTE

Check Details

Version: 0.1.11-2
Check: installed package size
Result: NOTE
     installed size is 6.1Mb
     sub-directories of 1Mb or more:
     models 4.3Mb
Flavors: r-devel-linux-x86_64-fedora-clang, r-devel-linux-x86_64-fedora-gcc, r-devel-windows-ix86+x86_64, r-patched-solaris-x86, r-release-windows-ix86+x86_64, r-release-osx-x86_64, r-oldrel-windows-ix86+x86_64, r-oldrel-osx-x86_64

Version: 0.1.11-2
Check: re-building of vignette outputs
Result: WARN
    Error in re-building vignettes:
     ...
    Error in texi2dvi(file = file, pdf = TRUE, clean = clean, quiet = quiet, :
     Running 'texi2dvi' on 'InstallationForUsers.tex' failed.
    LaTeX errors:
    ! LaTeX Error: File `menukeys.sty' not found.
    
    Type X to quit or <RETURN> to proceed,
    or enter new name. (Default extension: sty)
    
    ! Emergency stop.
    <read *>
    
    l.7 \usepackage
     {graphicx}^^M
    ! ==> Fatal error occurred, no output PDF file produced!
    Calls: buildVignettes -> texi2pdf -> texi2dvi
    Execution halted
Flavor: r-release-osx-x86_64