CRAN Package Check Results for Package easyml

Last updated on 2017-07-31 01:46:55.

Flavor Version Tinstall Tcheck Ttotal Status Flags
r-devel-linux-x86_64-debian-clang 0.1.0 1.62 121.32 122.94 OK
r-devel-linux-x86_64-debian-gcc 0.1.0 1.75 108.64 110.38 OK
r-devel-linux-x86_64-fedora-clang 0.1.0 204.74 NOTE
r-devel-linux-x86_64-fedora-gcc 0.1.0 201.05 NOTE
r-devel-windows-ix86+x86_64 0.1.0 11.00 230.00 241.00 OK
r-patched-linux-x86_64 0.1.0 1.51 117.51 119.02 OK
r-patched-solaris-x86 0.1.0 231.10 NOTE
r-release-linux-x86_64 0.1.0 1.65 119.54 121.19 OK
r-release-windows-ix86+x86_64 0.1.0 15.00 227.00 242.00 OK
r-release-osx-x86_64 0.1.0 NOTE
r-oldrel-windows-ix86+x86_64 0.1.0 7.00 205.00 212.00 OK
r-oldrel-osx-x86_64 0.1.0 NOTE

Check Details

Version: 0.1.0
Check: dependencies in R code
Result: NOTE
    Namespaces in Imports field not imported from:
     ‘corrplot’ ‘scorer’
     All declared Imports should be used.
Flavors: r-devel-linux-x86_64-fedora-clang, r-devel-linux-x86_64-fedora-gcc, r-patched-solaris-x86, r-release-osx-x86_64, r-oldrel-osx-x86_64