CRAN Package Check Results for Package easynls

Last updated on 2017-07-31 01:46:55.

Flavor Version Tinstall Tcheck Ttotal Status Flags
r-devel-linux-x86_64-debian-clang 4.0 0.60 20.09 20.70 NOTE
r-devel-linux-x86_64-debian-gcc 4.0 0.56 13.12 13.68 NOTE
r-devel-linux-x86_64-fedora-clang 4.0 23.83 NOTE
r-devel-linux-x86_64-fedora-gcc 4.0 22.36 NOTE
r-devel-windows-ix86+x86_64 4.0 3.00 35.00 38.00 NOTE
r-patched-linux-x86_64 4.0 0.65 18.97 19.62 NOTE
r-patched-solaris-x86 4.0 31.60 NOTE
r-release-linux-x86_64 4.0 0.54 18.92 19.47 NOTE
r-release-windows-ix86+x86_64 4.0 2.00 29.00 31.00 NOTE
r-release-osx-x86_64 4.0 NOTE
r-oldrel-windows-ix86+x86_64 4.0 2.00 26.00 28.00 NOTE
r-oldrel-osx-x86_64 4.0 NOTE

Check Details

Version: 4.0
Check: DESCRIPTION meta-information
Result: NOTE
    Malformed Description field: should contain one or more complete sentences.
Flavors: r-devel-linux-x86_64-debian-clang, r-devel-linux-x86_64-debian-gcc, r-devel-linux-x86_64-fedora-clang, r-devel-linux-x86_64-fedora-gcc, r-devel-windows-ix86+x86_64, r-patched-linux-x86_64, r-patched-solaris-x86, r-release-linux-x86_64, r-release-windows-ix86+x86_64, r-release-osx-x86_64, r-oldrel-windows-ix86+x86_64, r-oldrel-osx-x86_64

Version: 4.0
Check: R code for possible problems
Result: NOTE
    nlsfit : R2: no visible global function definition for ‘fitted’
    nlsfit : R2: no visible global function definition for ‘var’
    nlsfit : R2: no visible global function definition for ‘resid’
    nlsfit : R2: no visible global function definition for ‘deviance’
    nlsfit : R3: no visible global function definition for ‘fitted’
    nlsfit : R3: no visible global function definition for ‘var’
    nlsfit : R3: no visible global function definition for ‘resid’
    nlsfit : R3: no visible global function definition for ‘deviance’
    nlsfit : R3: no visible global function definition for ‘coef’
    nlsfit : f1: no visible global function definition for ‘lm’
    nlsfit : f1: no visible global function definition for ‘coef’
    nlsfit : f1: no visible global function definition for ‘nls’
    nlsfit : f1: no visible global function definition for ‘nls.control’
    nlsfit : f1: no visible global function definition for ‘AIC’
    nlsfit : f1: no visible global function definition for ‘BIC’
    nlsfit : f2: no visible global function definition for ‘lm’
    nlsfit : f2: no visible global function definition for ‘coef’
    nlsfit : f2: no visible global function definition for ‘nls’
    nlsfit : f2: no visible global function definition for ‘nls.control’
    nlsfit : f2: no visible global function definition for ‘AIC’
    nlsfit : f2: no visible global function definition for ‘BIC’
    nlsfit : f3: no visible global function definition for ‘lm’
    nlsfit : f3: no visible global function definition for ‘coef’
    nlsfit : f3: no visible global function definition for ‘nls’
    nlsfit : f3: no visible global function definition for ‘nls.control’
    nlsfit : f3: no visible global function definition for ‘AIC’
    nlsfit : f3: no visible global function definition for ‘BIC’
    nlsfit : f4: no visible global function definition for ‘lm’
    nlsfit : f4: no visible global function definition for ‘coef’
    nlsfit : f4: no visible global function definition for ‘nls’
    nlsfit : f4: no visible global function definition for ‘nls.control’
    nlsfit : f4: no visible global function definition for ‘AIC’
    nlsfit : f4: no visible global function definition for ‘BIC’
    nlsfit : f5: no visible global function definition for ‘nls’
    nlsfit : f5: no visible global function definition for ‘nls.control’
    nlsfit : f5: no visible global function definition for ‘coef’
    nlsfit : f5: no visible global function definition for ‘AIC’
    nlsfit : f5: no visible global function definition for ‘BIC’
    nlsfit : f6: no visible global function definition for ‘nls’
    nlsfit : f6: no visible global function definition for ‘nls.control’
    nlsfit : f6: no visible global function definition for ‘coef’
    nlsfit : f6: no visible global function definition for ‘AIC’
    nlsfit : f6: no visible global function definition for ‘BIC’
    nlsfit : f7: no visible global function definition for ‘nls’
    nlsfit : f7: no visible global function definition for ‘nls.control’
    nlsfit : f7: no visible global function definition for ‘coef’
    nlsfit : f7: no visible global function definition for ‘AIC’
    nlsfit : f7: no visible global function definition for ‘BIC’
    nlsfit : f8: no visible global function definition for ‘nls’
    nlsfit : f8: no visible global function definition for ‘nls.control’
    nlsfit : f8: no visible global function definition for ‘coef’
    nlsfit : f8: no visible global function definition for ‘AIC’
    nlsfit : f8: no visible global function definition for ‘BIC’
    nlsfit : f9: no visible global function definition for ‘nls’
    nlsfit : f9: no visible global function definition for ‘nls.control’
    nlsfit : f9: no visible global function definition for ‘coef’
    nlsfit : f9: no visible global function definition for ‘AIC’
    nlsfit : f9: no visible global function definition for ‘BIC’
    nlsfit : f10: no visible global function definition for ‘nls’
    nlsfit : f10: no visible global function definition for ‘nls.control’
    nlsfit : f10: no visible global function definition for ‘coef’
    nlsfit : f10: no visible global function definition for ‘AIC’
    nlsfit : f10: no visible global function definition for ‘BIC’
    nlsfit : f11: no visible global function definition for ‘nls’
    nlsfit : f11: no visible global function definition for ‘nls.control’
    nlsfit : f11: no visible global function definition for ‘coef’
    nlsfit : f11: no visible global function definition for ‘AIC’
    nlsfit : f11: no visible global function definition for ‘BIC’
    nlsfit : f12: no visible global function definition for ‘nls’
    nlsfit : f12: no visible global function definition for ‘nls.control’
    nlsfit : f12: no visible global function definition for ‘coef’
    nlsfit : f12: no visible global function definition for ‘AIC’
    nlsfit : f12: no visible global function definition for ‘BIC’
    nlsfit: no visible global function definition for ‘nls’
    nlsfit : f13: no visible global function definition for ‘nls’
    nlsfit : f13: no visible global function definition for ‘nls.control’
    nlsfit : f13: no visible global function definition for ‘coef’
    nlsfit : f13: no visible global function definition for ‘AIC’
    nlsfit : f13: no visible global function definition for ‘BIC’
    nlsplot : plot1: no visible global function definition for ‘matplot’
    nlsplot : plot1: no visible global function definition for ‘legend’
    nlsplot : plot2: no visible global function definition for ‘sd’
    nlsplot : plot2: no visible global function definition for ‘plot’
    nlsplot : plot2: no visible global function definition for ‘legend’
    Undefined global functions or variables:
     AIC BIC coef deviance fitted legend lm matplot nls nls.control plot
     resid sd var
    Consider adding
     importFrom("graphics", "legend", "matplot", "plot")
     importFrom("stats", "AIC", "BIC", "coef", "deviance", "fitted", "lm",
     "nls", "nls.control", "resid", "sd", "var")
    to your NAMESPACE file.
Flavors: r-devel-linux-x86_64-debian-clang, r-devel-linux-x86_64-debian-gcc, r-devel-linux-x86_64-fedora-clang, r-devel-linux-x86_64-fedora-gcc, r-devel-windows-ix86+x86_64, r-patched-linux-x86_64, r-patched-solaris-x86, r-release-linux-x86_64, r-release-windows-ix86+x86_64, r-release-osx-x86_64, r-oldrel-windows-ix86+x86_64, r-oldrel-osx-x86_64