CRAN Package Check Results for Package ecd

Last updated on 2017-07-31 01:46:55.

Flavor Version Tinstall Tcheck Ttotal Status Flags
r-devel-linux-x86_64-debian-clang 0.8.3 3.73 228.28 232.00 OK
r-devel-linux-x86_64-debian-gcc 0.8.3 3.75 209.09 212.84 OK
r-devel-linux-x86_64-fedora-clang 0.8.3 477.79 OK
r-devel-linux-x86_64-fedora-gcc 0.8.3 474.78 OK
r-devel-windows-ix86+x86_64 0.8.3 18.00 131.00 149.00 OK --no-examples --no-tests --no-vignettes
r-patched-linux-x86_64 0.8.3 3.74 226.68 230.42 OK
r-patched-solaris-x86 0.8.3 516.00 NOTE
r-release-linux-x86_64 0.8.3 3.68 218.97 222.65 OK
r-release-windows-ix86+x86_64 0.8.3 13.00 123.00 136.00 OK --no-examples --no-tests --no-vignettes
r-release-osx-x86_64 0.8.3 OK
r-oldrel-windows-ix86+x86_64 0.8.3 18.00 134.00 152.00 OK --no-examples --no-tests --no-vignettes
r-oldrel-osx-x86_64 0.8.3 OK

Check Details

Version: 0.8.3
Check: installed package size
Result: NOTE
     installed size is 5.4Mb
     sub-directories of 1Mb or more:
     doc 2.5Mb
     extdata 2.2Mb
Flavor: r-patched-solaris-x86