CRAN Package Check Results for Package evmix

Last updated on 2017-07-31 01:46:56.

Flavor Version Tinstall Tcheck Ttotal Status Flags
r-devel-linux-x86_64-debian-clang 2.7 3.30 159.65 162.96 WARN
r-devel-linux-x86_64-debian-gcc 2.7 3.26 96.86 100.11 OK
r-devel-linux-x86_64-fedora-clang 2.7 187.22 OK
r-devel-linux-x86_64-fedora-gcc 2.7 182.05 OK
r-devel-windows-ix86+x86_64 2.7 16.00 192.00 208.00 OK
r-patched-linux-x86_64 2.7 3.48 156.35 159.83 WARN
r-patched-solaris-x86 2.7 180.10 OK
r-release-linux-x86_64 2.7 3.25 155.66 158.91 WARN
r-release-windows-ix86+x86_64 2.7 11.00 179.00 190.00 OK
r-release-osx-x86_64 2.7 OK
r-oldrel-windows-ix86+x86_64 2.7 14.00 142.00 156.00 OK
r-oldrel-osx-x86_64 2.7 OK

Check Details

Version: 2.7
Check: PDF version of manual
Result: WARN
    LaTeX errors when creating PDF version.
    This typically indicates Rd problems.
    LaTeX errors found:
Flavors: r-devel-linux-x86_64-debian-clang, r-patched-linux-x86_64, r-release-linux-x86_64