Last updated on 2017-07-31 01:46:56.
Flavor | Version | Tinstall | Tcheck | Ttotal | Status | Flags |
---|---|---|---|---|---|---|
r-devel-linux-x86_64-debian-clang | 1.7-4 | 9.43 | 85.90 | 95.33 | NOTE | |
r-devel-linux-x86_64-debian-gcc | 1.7-4 | 9.23 | 68.47 | 77.69 | NOTE | |
r-devel-linux-x86_64-fedora-clang | 1.7-4 | 146.77 | NOTE | |||
r-devel-linux-x86_64-fedora-gcc | 1.7-4 | 140.21 | NOTE | |||
r-devel-windows-ix86+x86_64 | 1.7-4 | 27.00 | 201.00 | 228.00 | OK | |
r-patched-linux-x86_64 | 1.7-4 | 8.95 | 84.04 | 92.99 | NOTE | |
r-patched-solaris-x86 | 1.7-4 | 189.50 | OK | |||
r-release-linux-x86_64 | 1.7-4 | 8.70 | 83.71 | 92.41 | NOTE | |
r-release-windows-ix86+x86_64 | 1.7-4 | 22.00 | 208.00 | 230.00 | OK | |
r-release-osx-x86_64 | 1.7-4 | OK | ||||
r-oldrel-windows-ix86+x86_64 | 1.7-4 | 29.00 | 136.00 | 165.00 | OK | |
r-oldrel-osx-x86_64 | 1.7-4 | OK |
Version: 1.7-4
Check: compiled code
Result: NOTE
File ‘extracat/libs/extracat.so’:
Found no calls to: ‘R_registerRoutines’, ‘R_useDynamicSymbols’
It is good practice to register native routines and to disable symbol
search.
See ‘Writing portable packages’ in the ‘Writing R Extensions’ manual.
Flavors: r-devel-linux-x86_64-debian-clang, r-devel-linux-x86_64-debian-gcc, r-devel-linux-x86_64-fedora-clang, r-devel-linux-x86_64-fedora-gcc, r-patched-linux-x86_64, r-release-linux-x86_64