CRAN Package Check Results for Package fastcmh

Last updated on 2017-07-31 01:46:56.

Flavor Version Tinstall Tcheck Ttotal Status Flags
r-devel-linux-x86_64-debian-clang 0.2.7 21.61 22.72 44.33 NOTE
r-devel-linux-x86_64-debian-gcc 0.2.7 23.98 16.78 40.76 NOTE
r-devel-linux-x86_64-fedora-clang 0.2.7 74.55 NOTE
r-devel-linux-x86_64-fedora-gcc 0.2.7 73.30 NOTE
r-devel-windows-ix86+x86_64 0.2.7 96.00 80.00 176.00 OK
r-patched-linux-x86_64 0.2.7 23.02 22.42 45.45 NOTE
r-patched-solaris-x86 0.2.7 83.20 OK
r-release-linux-x86_64 0.2.7 23.33 22.78 46.11 NOTE
r-release-windows-ix86+x86_64 0.2.7 84.00 74.00 158.00 OK
r-release-osx-x86_64 0.2.7 OK
r-oldrel-windows-ix86+x86_64 0.2.7 100.00 48.00 148.00 OK
r-oldrel-osx-x86_64 0.2.7 OK

Check Details

Version: 0.2.7
Check: compiled code
Result: NOTE
    File ‘fastcmh/libs/fastcmh.so’:
     Found no calls to: ‘R_registerRoutines’, ‘R_useDynamicSymbols’
    
    It is good practice to register native routines and to disable symbol
    search.
    
    See ‘Writing portable packages’ in the ‘Writing R Extensions’ manual.
Flavors: r-devel-linux-x86_64-debian-clang, r-devel-linux-x86_64-debian-gcc, r-devel-linux-x86_64-fedora-clang, r-devel-linux-x86_64-fedora-gcc, r-patched-linux-x86_64, r-release-linux-x86_64