Last updated on 2017-07-31 01:46:57.
Flavor | Version | Tinstall | Tcheck | Ttotal | Status | Flags |
---|---|---|---|---|---|---|
r-devel-linux-x86_64-debian-clang | 0.2.0 | 2.52 | 159.90 | 162.42 | OK | |
r-devel-linux-x86_64-debian-gcc | 0.2.0 | 2.71 | 147.50 | 150.21 | OK | |
r-devel-linux-x86_64-fedora-clang | 0.2.0 | 289.81 | OK | |||
r-devel-linux-x86_64-fedora-gcc | 0.2.0 | 283.63 | OK | |||
r-devel-windows-ix86+x86_64 | 0.2.0 | 14.00 | 344.00 | 358.00 | OK | |
r-patched-linux-x86_64 | 0.2.0 | 2.52 | 139.61 | 142.14 | OK | |
r-patched-solaris-x86 | 0.2.0 | 153.50 | WARN | |||
r-release-linux-x86_64 | 0.2.0 | 2.66 | 134.82 | 137.49 | OK | |
r-release-windows-ix86+x86_64 | 0.2.0 | 12.00 | 326.00 | 338.00 | OK | |
r-release-osx-x86_64 | 0.2.0 | WARN | ||||
r-oldrel-windows-ix86+x86_64 | 0.2.0 | 13.00 | 204.00 | 217.00 | OK | |
r-oldrel-osx-x86_64 | 0.2.0 | WARN |
Version: 0.2.0
Check: re-building of vignette outputs
Result: WARN
Error in re-building vignettes:
...
Warning in engine$weave(file, quiet = quiet, encoding = enc) :
Pandoc (>= 1.12.3) and/or pandoc-citeproc not available. Falling back to R Markdown v1.
Loading required package: officer
Attaching package: 'dplyr'
The following objects are masked from 'package:stats':
filter, lag
The following objects are masked from 'package:base':
intersect, setdiff, setequal, union
PhantomJS not found. You can install it with webshot::install_phantomjs(). If it is installed, please make sure the phantomjs executable can be found via the PATH variable.
Quitting from lines 52-54 (format.Rmd)
Error: processing vignette 'format.Rmd' failed with diagnostics:
cannot open the connection
Execution halted
Flavors: r-patched-solaris-x86, r-release-osx-x86_64, r-oldrel-osx-x86_64