CRAN Package Check Results for Package fst

Last updated on 2017-07-31 01:46:57.

Flavor Version Tinstall Tcheck Ttotal Status Flags
r-devel-linux-x86_64-debian-clang 0.7.2 56.44 38.52 94.97 NOTE
r-devel-linux-x86_64-debian-gcc 0.7.2 57.55 31.97 89.52 NOTE
r-devel-linux-x86_64-fedora-clang 0.7.2 180.21 NOTE
r-devel-linux-x86_64-fedora-gcc 0.7.2 168.17 NOTE
r-devel-windows-ix86+x86_64 0.7.2 236.00 140.00 376.00 OK
r-patched-linux-x86_64 0.7.2 56.33 37.23 93.56 NOTE
r-patched-solaris-x86 0.7.2 184.90 OK
r-release-linux-x86_64 0.7.2 56.13 38.61 94.74 NOTE
r-release-windows-ix86+x86_64 0.7.2 201.00 133.00 334.00 OK
r-release-osx-x86_64 0.7.2 OK
r-oldrel-windows-ix86+x86_64 0.7.2 228.00 91.00 319.00 OK
r-oldrel-osx-x86_64 0.7.2 OK

Additional issues

clang-ASAN clang-UBSAN valgrind

Check Details

Version: 0.7.2
Check: compiled code
Result: NOTE
    File ‘fst/libs/fst.so’:
     Found no calls to: ‘R_registerRoutines’, ‘R_useDynamicSymbols’
    
    It is good practice to register native routines and to disable symbol
    search.
    
    See ‘Writing portable packages’ in the ‘Writing R Extensions’ manual.
Flavors: r-devel-linux-x86_64-debian-clang, r-devel-linux-x86_64-debian-gcc, r-devel-linux-x86_64-fedora-clang, r-devel-linux-x86_64-fedora-gcc, r-patched-linux-x86_64, r-release-linux-x86_64