Last updated on 2017-07-31 01:46:58.
Flavor | Version | Tinstall | Tcheck | Ttotal | Status | Flags |
---|---|---|---|---|---|---|
r-devel-linux-x86_64-debian-clang | 0.2.0 | 1.46 | 46.08 | 47.54 | OK | |
r-devel-linux-x86_64-debian-gcc | 0.3.0 | 1.55 | 43.09 | 44.65 | OK | |
r-devel-linux-x86_64-fedora-clang | 0.3.0 | 81.66 | NOTE | |||
r-devel-linux-x86_64-fedora-gcc | 0.3.0 | 78.93 | NOTE | |||
r-devel-windows-ix86+x86_64 | 0.2.0 | 8.00 | 95.00 | 103.00 | OK | |
r-patched-linux-x86_64 | 0.2.0 | 1.48 | 46.79 | 48.28 | OK | |
r-patched-solaris-x86 | 0.3.0 | 93.40 | NOTE | |||
r-release-linux-x86_64 | 0.2.0 | 1.60 | 44.33 | 45.93 | OK | |
r-release-windows-ix86+x86_64 | 0.3.0 | 11.00 | 110.00 | 121.00 | OK | |
r-release-osx-x86_64 | 0.2.0 | NOTE | ||||
r-oldrel-windows-ix86+x86_64 | 0.2.0 | 8.00 | 71.00 | 79.00 | OK | |
r-oldrel-osx-x86_64 | 0.2.0 | NOTE |
Version: 0.3.0
Check: dependencies in R code
Result: NOTE
Namespace in Imports field not imported from: ‘scales’
All declared Imports should be used.
Flavors: r-devel-linux-x86_64-fedora-clang, r-devel-linux-x86_64-fedora-gcc, r-patched-solaris-x86
Version: 0.3.0
Check: data for non-ASCII characters
Result: NOTE
Note: found 6242 marked UTF-8 strings
Flavors: r-devel-linux-x86_64-fedora-clang, r-devel-linux-x86_64-fedora-gcc, r-patched-solaris-x86
Version: 0.2.0
Check: dependencies in R code
Result: NOTE
Namespace in Imports field not imported from: ‘plyr’
All declared Imports should be used.
Flavors: r-release-osx-x86_64, r-oldrel-osx-x86_64
Version: 0.2.0
Check: data for non-ASCII characters
Result: NOTE
Note: found 6242 marked UTF-8 strings
Flavors: r-release-osx-x86_64, r-oldrel-osx-x86_64