CRAN Package Check Results for Package gimme

Last updated on 2017-07-31 01:46:59.

Flavor Version Tinstall Tcheck Ttotal Status Flags
r-devel-linux-x86_64-debian-clang 0.2-2 5.10 70.05 75.15 OK
r-devel-linux-x86_64-debian-gcc 0.2-2 4.96 62.18 67.14 OK
r-devel-linux-x86_64-fedora-clang 0.2-2 146.71 OK
r-devel-linux-x86_64-fedora-gcc 0.2-2 149.76 OK
r-devel-windows-ix86+x86_64 0.2-2 23.00 149.00 172.00 OK
r-patched-linux-x86_64 0.2-2 5.18 70.40 75.58 OK
r-patched-solaris-x86 0.2-2 214.60 OK
r-release-linux-x86_64 0.2-2 5.17 71.93 77.09 OK
r-release-windows-ix86+x86_64 0.2-2 44.00 148.00 192.00 OK
r-release-osx-x86_64 0.2-2 NOTE
r-oldrel-windows-ix86+x86_64 0.2-2 14.00 110.00 124.00 OK
r-oldrel-osx-x86_64 0.2-2 OK

Check Details

Version: 0.2-2
Check: package dependencies
Result: NOTE
    Packages suggested but not available for checking: ‘gWidgetsRGtk2’ ‘RGtk2’
Flavor: r-release-osx-x86_64