CRAN Package Check Results for Package googleAuthR

Last updated on 2017-07-31 01:46:59.

Flavor Version Tinstall Tcheck Ttotal Status Flags
r-devel-linux-x86_64-debian-clang 0.5.1 2.09 40.38 42.47 OK
r-devel-linux-x86_64-debian-gcc 0.5.1 2.11 32.04 34.16 OK
r-devel-linux-x86_64-fedora-clang 0.5.1 63.84 NOTE
r-devel-linux-x86_64-fedora-gcc 0.5.1 63.84 NOTE
r-devel-windows-ix86+x86_64 0.5.1 12.00 85.00 97.00 OK
r-patched-linux-x86_64 0.5.1 2.30 40.83 43.12 OK
r-patched-solaris-x86 0.5.1 86.00 NOTE
r-release-linux-x86_64 0.5.1 2.13 40.63 42.76 OK
r-release-windows-ix86+x86_64 0.5.1 8.00 84.00 92.00 OK
r-release-osx-x86_64 0.5.1 NOTE
r-oldrel-windows-ix86+x86_64 0.5.1 9.00 54.00 63.00 OK
r-oldrel-osx-x86_64 0.5.1 NOTE

Check Details

Version: 0.5.1
Check: dependencies in R code
Result: NOTE
    Namespace in Imports field not imported from: ‘R6’
     All declared Imports should be used.
Flavors: r-devel-linux-x86_64-fedora-clang, r-devel-linux-x86_64-fedora-gcc, r-patched-solaris-x86, r-release-osx-x86_64, r-oldrel-osx-x86_64