CRAN Package Check Results for Package gplots

Last updated on 2017-07-31 01:46:59.

Flavor Version Tinstall Tcheck Ttotal Status Flags
r-devel-linux-x86_64-debian-clang 3.0.1 1.14 57.55 58.69 NOTE
r-devel-linux-x86_64-debian-gcc 3.0.1 1.21 43.51 44.72 NOTE
r-devel-linux-x86_64-fedora-clang 3.0.1 86.69 NOTE
r-devel-linux-x86_64-fedora-gcc 3.0.1 85.81 NOTE
r-devel-windows-ix86+x86_64 3.0.1 5.00 108.00 113.00 OK
r-patched-linux-x86_64 3.0.1 1.11 57.56 58.67 NOTE
r-patched-solaris-x86 3.0.1 104.90 NOTE
r-release-linux-x86_64 3.0.1 1.17 56.56 57.73 NOTE
r-release-windows-ix86+x86_64 3.0.1 3.00 106.00 109.00 OK
r-release-osx-x86_64 3.0.1 OK
r-oldrel-windows-ix86+x86_64 3.0.1 6.00 84.00 90.00 OK
r-oldrel-osx-x86_64 3.0.1 OK

Check Details

Version: 3.0.1
Check: S3 generic/method consistency
Result: NOTE
    Found the following apparent S3 methods exported but not registered:
     boxplot.n plot.lm2
    See section ‘Registering S3 methods’ in the ‘Writing R Extensions’
    manual.
Flavors: r-devel-linux-x86_64-debian-clang, r-devel-linux-x86_64-debian-gcc, r-devel-linux-x86_64-fedora-clang, r-devel-linux-x86_64-fedora-gcc, r-patched-linux-x86_64, r-patched-solaris-x86, r-release-linux-x86_64