Last updated on 2017-07-31 01:46:59.
Flavor | Version | Tinstall | Tcheck | Ttotal | Status | Flags |
---|---|---|---|---|---|---|
r-devel-linux-x86_64-debian-clang | 0.0.1 | 13.27 | 86.67 | 99.94 | OK | |
r-devel-linux-x86_64-debian-gcc | 0.0.1 | 21.33 | 74.07 | 95.41 | OK | |
r-devel-linux-x86_64-fedora-clang | 0.0.1 | 178.61 | NOTE | |||
r-devel-linux-x86_64-fedora-gcc | 0.0.1 | 173.80 | NOTE | |||
r-devel-windows-ix86+x86_64 | 0.0.1 | 39.00 | 166.00 | 205.00 | NOTE | |
r-patched-linux-x86_64 | 0.0.1 | 15.99 | 89.36 | 105.35 | OK | |
r-patched-solaris-x86 | 0.0.1 | 210.10 | NOTE | |||
r-release-linux-x86_64 | 0.0.1 | 13.97 | 84.20 | 98.17 | OK | |
r-release-windows-ix86+x86_64 | 0.0.1 | 33.00 | 165.00 | 198.00 | NOTE | |
r-release-osx-x86_64 | 0.0.1 | NOTE | ||||
r-oldrel-windows-ix86+x86_64 | 0.0.1 | 38.00 | 126.00 | 164.00 | NOTE | |
r-oldrel-osx-x86_64 | 0.0.1 | NOTE |
Version: 0.0.1
Check: installed package size
Result: NOTE
installed size is 5.8Mb
sub-directories of 1Mb or more:
R 5.6Mb
Flavors: r-devel-linux-x86_64-fedora-clang, r-devel-linux-x86_64-fedora-gcc, r-devel-windows-ix86+x86_64, r-patched-solaris-x86, r-release-windows-ix86+x86_64, r-release-osx-x86_64, r-oldrel-windows-ix86+x86_64, r-oldrel-osx-x86_64
Version: 0.0.1
Check: dependencies in R code
Result: NOTE
Namespace in Imports field not imported from: ‘base’
All declared Imports should be used.
Flavors: r-devel-linux-x86_64-fedora-clang, r-devel-linux-x86_64-fedora-gcc, r-patched-solaris-x86, r-release-osx-x86_64, r-oldrel-osx-x86_64