Last updated on 2017-07-31 01:46:59.
Flavor | Version | Tinstall | Tcheck | Ttotal | Status | Flags |
---|---|---|---|---|---|---|
r-devel-linux-x86_64-debian-clang | 0.6.5 | 2.28 | 91.41 | 93.69 | NOTE | |
r-devel-linux-x86_64-debian-gcc | 0.6.5 | 2.59 | 87.56 | 90.15 | NOTE | |
r-devel-linux-x86_64-fedora-clang | 0.6.5 | 93.86 | NOTE | |||
r-devel-linux-x86_64-fedora-gcc | 0.6.5 | 96.87 | NOTE | |||
r-devel-windows-ix86+x86_64 | 0.6.5 | 13.00 | 228.00 | 241.00 | OK | |
r-patched-linux-x86_64 | 0.6.5 | 2.23 | 91.35 | 93.58 | NOTE | |
r-patched-solaris-x86 | 0.6.5 | 225.00 | OK | |||
r-release-linux-x86_64 | 0.6.5 | 2.17 | 94.94 | 97.11 | NOTE | |
r-release-windows-ix86+x86_64 | 0.6.5 | 9.00 | 215.00 | 224.00 | OK | |
r-release-osx-x86_64 | 0.6.5 | OK | ||||
r-oldrel-windows-ix86+x86_64 | 0.6.5 | 17.00 | 158.00 | 175.00 | OK | |
r-oldrel-osx-x86_64 | 0.6.5 | OK |
Version: 0.6.5
Check: compiled code
Result: NOTE
File ‘growthrates/libs/growthrates.so’:
Found no calls to: ‘R_registerRoutines’, ‘R_useDynamicSymbols’
It is good practice to register native routines and to disable symbol
search.
See ‘Writing portable packages’ in the ‘Writing R Extensions’ manual.
Flavors: r-devel-linux-x86_64-debian-clang, r-devel-linux-x86_64-debian-gcc, r-devel-linux-x86_64-fedora-clang, r-devel-linux-x86_64-fedora-gcc, r-patched-linux-x86_64, r-release-linux-x86_64