CRAN Package Check Results for Package heatmaply

Last updated on 2017-07-31 01:47:00.

Flavor Version Tinstall Tcheck Ttotal Status Flags
r-devel-linux-x86_64-debian-clang 0.10.1 4.80 154.63 159.43 OK
r-devel-linux-x86_64-debian-gcc 0.10.1 4.59 151.06 155.65 OK
r-devel-linux-x86_64-fedora-clang 0.10.1 302.73 OK
r-devel-linux-x86_64-fedora-gcc 0.10.1 288.39 OK
r-devel-windows-ix86+x86_64 0.10.1 23.00 339.00 362.00 OK
r-patched-linux-x86_64 0.10.1 4.68 156.44 161.13 OK
r-patched-solaris-x86 0.10.1 301.90 WARN
r-release-linux-x86_64 0.10.1 4.98 157.63 162.61 OK
r-release-windows-ix86+x86_64 0.10.1 27.00 358.00 385.00 OK
r-release-osx-x86_64 0.10.1 WARN
r-oldrel-windows-ix86+x86_64 0.10.1 14.00 228.00 242.00 OK
r-oldrel-osx-x86_64 0.10.1 WARN

Check Details

Version: 0.10.1
Check: installed package size
Result: NOTE
     installed size is 5.1Mb
     sub-directories of 1Mb or more:
     doc 4.7Mb
Flavor: r-patched-solaris-x86

Version: 0.10.1
Check: re-building of vignette outputs
Result: WARN
    Error in re-building vignettes:
     ...
    Warning in engine$weave(file, quiet = quiet, encoding = enc) :
     Pandoc (>= 1.12.3) and/or pandoc-citeproc not available. Falling back to R Markdown v1.
    Loading required package: plotly
    Loading required package: ggplot2
    
    Attaching package: 'plotly'
    
    The following object is masked from 'package:ggplot2':
    
     last_plot
    
    The following object is masked from 'package:stats':
    
     filter
    
    The following object is masked from 'package:graphics':
    
     layout
    
    Loading required package: viridis
    Loading required package: viridisLite
    
    ---------------------
    Welcome to heatmaply version 0.10.1
    Type ?heatmaply for the main documentation.
    The github page is: https://github.com/talgalili/heatmaply/
    
    Suggestions and bug-reports can be submitted at: https://github.com/talgalili/heatmaply/issues
    Or contact: <tal.galili@gmail.com>
    
     To suppress this message use: suppressPackageStartupMessages(library(heatmaply))
    ---------------------
    
    Quitting from lines 88-90 (heatmaply.Rmd)
    Error: processing vignette 'heatmaply.Rmd' failed with diagnostics:
    cannot open the connection
    Execution halted
Flavor: r-patched-solaris-x86

Version: 0.10.1
Check: re-building of vignette outputs
Result: WARN
    Error in re-building vignettes:
     ...
    
     filter
    
    The following object is masked from 'package:graphics':
    
     layout
    
    Loading required package: viridis
    Loading required package: viridisLite
    
    ---------------------
    Welcome to heatmaply version 0.10.1
    Type ?heatmaply for the main documentation.
    The github page is: https://github.com/talgalili/heatmaply/
    
    Suggestions and bug-reports can be submitted at: https://github.com/talgalili/heatmaply/issues
    Or contact: <tal.galili@gmail.com>
    
     To suppress this message use: suppressPackageStartupMessages(library(heatmaply))
    ---------------------
    
    Quitting from lines 88-90 (heatmaply.Rmd)
    Error: processing vignette 'heatmaply.Rmd' failed with diagnostics:
    cannot open the connection
    Execution halted
Flavors: r-release-osx-x86_64, r-oldrel-osx-x86_64