Last updated on 2017-07-31 01:47:00.
Flavor | Version | Tinstall | Tcheck | Ttotal | Status | Flags |
---|---|---|---|---|---|---|
r-devel-linux-x86_64-debian-clang | 1.2 | 1.65 | 43.15 | 44.80 | NOTE | |
r-devel-linux-x86_64-debian-gcc | 1.2 | 1.90 | 34.00 | 35.89 | NOTE | |
r-devel-linux-x86_64-fedora-clang | 1.2 | 71.34 | NOTE | |||
r-devel-linux-x86_64-fedora-gcc | 1.2 | 68.83 | NOTE | |||
r-devel-windows-ix86+x86_64 | 1.2 | 7.00 | 85.00 | 92.00 | NOTE | |
r-patched-linux-x86_64 | 1.2 | 1.76 | 40.51 | 42.27 | NOTE | |
r-patched-solaris-x86 | 1.2 | 99.80 | NOTE | |||
r-release-linux-x86_64 | 1.2 | 1.99 | 41.16 | 43.15 | NOTE | |
r-release-windows-ix86+x86_64 | 1.2 | 6.00 | 87.00 | 93.00 | NOTE | |
r-release-osx-x86_64 | 1.2 | NOTE | ||||
r-oldrel-windows-ix86+x86_64 | 1.2 | 9.00 | 61.00 | 70.00 | NOTE | |
r-oldrel-osx-x86_64 | 1.2 | NOTE |
Version: 1.2
Check: R code for possible problems
Result: NOTE
HubNetwork: no visible global function definition for ‘rbinom’
HubNetwork: no visible global function definition for ‘runif’
HubNetwork: no visible global function definition for ‘cov2cor’
binaryMCMC: no visible global function definition for ‘rbinom’
image.hbn: no visible global function definition for ‘col2rgb’
image.hbn: no visible global function definition for ‘rgb’
image.hbn: no visible global function definition for ‘dev.new’
image.hbn: no visible global function definition for ‘par’
image.hbn: no visible global function definition for ‘image’
image.hcov: no visible global function definition for ‘col2rgb’
image.hcov: no visible global function definition for ‘rgb’
image.hcov: no visible global function definition for ‘dev.new’
image.hcov: no visible global function definition for ‘par’
image.hcov: no visible global function definition for ‘image’
image.hglasso: no visible global function definition for ‘col2rgb’
image.hglasso: no visible global function definition for ‘rgb’
image.hglasso: no visible global function definition for ‘dev.new’
image.hglasso: no visible global function definition for ‘par’
image.hglasso: no visible global function definition for ‘image’
plot.hbn: no visible global function definition for ‘rgb’
plot.hbn: no visible global function definition for ‘plot’
plot.hcov: no visible global function definition for ‘rgb’
plot.hcov: no visible global function definition for ‘plot’
plot.hglasso: no visible global function definition for ‘rgb’
plot.hglasso: no visible global function definition for ‘plot’
Undefined global functions or variables:
col2rgb cov2cor dev.new image par plot rbinom rgb runif
Consider adding
importFrom("grDevices", "col2rgb", "dev.new", "rgb")
importFrom("graphics", "image", "par", "plot")
importFrom("stats", "cov2cor", "rbinom", "runif")
to your NAMESPACE file.
Flavors: r-devel-linux-x86_64-debian-clang, r-devel-linux-x86_64-debian-gcc, r-devel-linux-x86_64-fedora-clang, r-devel-linux-x86_64-fedora-gcc, r-devel-windows-ix86+x86_64, r-patched-linux-x86_64, r-patched-solaris-x86, r-release-linux-x86_64, r-release-windows-ix86+x86_64, r-release-osx-x86_64, r-oldrel-windows-ix86+x86_64, r-oldrel-osx-x86_64