Last updated on 2017-07-31 01:47:00.
Flavor | Version | Tinstall | Tcheck | Ttotal | Status | Flags |
---|---|---|---|---|---|---|
r-devel-linux-x86_64-debian-clang | 1.1 | 2.89 | 56.79 | 59.68 | OK | |
r-devel-linux-x86_64-debian-gcc | 1.1 | 2.65 | 49.20 | 51.85 | OK | |
r-devel-linux-x86_64-fedora-clang | 1.1 | 109.22 | OK | |||
r-devel-linux-x86_64-fedora-gcc | 1.1 | 107.02 | OK | |||
r-devel-windows-ix86+x86_64 | 1.1 | 10.00 | 148.00 | 158.00 | OK | |
r-patched-linux-x86_64 | 1.1 | 2.90 | 55.39 | 58.29 | OK | |
r-patched-solaris-x86 | 1.1 | 159.30 | OK | |||
r-release-linux-x86_64 | 1.1 | 2.76 | 55.78 | 58.54 | OK | |
r-release-windows-ix86+x86_64 | 1.1 | 8.00 | 157.00 | 165.00 | OK | |
r-release-osx-x86_64 | 1.1 | NOTE | ||||
r-oldrel-windows-ix86+x86_64 | 1.1 | 10.00 | 104.00 | 114.00 | OK | |
r-oldrel-osx-x86_64 | 1.1 | OK |
Version: 1.1
Check: re-building of vignette outputs
Result: NOTE
Error in re-building vignettes:
...
Loading required package: mice
Warning in hot.deck(isq99, sdCutoff = 3, IDvars = c("IDORIGIN", "YEAR")) :
52 observations with no observed data. These observations were removed
Warning in hot.deck(isq99, sdCutoff = 3, IDvars = c("IDORIGIN", "YEAR")) :
45 of 4661 imputations with # donors < 5, consider increasing sdCutoff or using method='p.draw'
* miceadds 2.3-0 (2017-02-21 15:02:53)
Error in texi2dvi(file = file, pdf = TRUE, clean = clean, quiet = quiet, :
Running 'texi2dvi' on 'Using_Hot_Deck_Data.tex' failed.
LaTeX errors:
! LaTeX Error: File `multirow.sty' not found.
Type X to quit or <RETURN> to proceed,
or enter new name. (Default extension: sty)
! Emergency stop.
<read *>
l.4 \usepackage
{graphicx, subfigure, float} % graphics commands^^M
! ==> Fatal error occurred, no output PDF file produced!
Calls: buildVignettes -> texi2pdf -> texi2dvi
Execution halted
Flavor: r-release-osx-x86_64