Last updated on 2017-07-31 01:47:00.
Flavor | Version | Tinstall | Tcheck | Ttotal | Status | Flags |
---|---|---|---|---|---|---|
r-devel-linux-x86_64-debian-clang | 1.0-1 | 9.81 | 32.27 | 42.08 | OK | |
r-devel-linux-x86_64-debian-gcc | 1.0-1 | 10.81 | 24.39 | 35.20 | OK | |
r-devel-linux-x86_64-fedora-clang | 1.0-1 | 67.80 | OK | |||
r-devel-linux-x86_64-fedora-gcc | 1.0-1 | 65.24 | OK | |||
r-devel-windows-ix86+x86_64 | 1.0-1 | 45.00 | 107.00 | 152.00 | OK | |
r-patched-linux-x86_64 | 1.0-1 | 10.60 | 31.45 | 42.05 | OK | |
r-patched-solaris-x86 | 1.0-1 | 77.60 | OK | |||
r-release-linux-x86_64 | 1.0-1 | 10.43 | 31.27 | 41.69 | OK | |
r-release-windows-ix86+x86_64 | 1.0-1 | 40.00 | 100.00 | 140.00 | OK | |
r-release-osx-x86_64 | 1.0-1 | NOTE | ||||
r-oldrel-windows-ix86+x86_64 | 1.0-1 | 50.00 | 74.00 | 124.00 | OK | |
r-oldrel-osx-x86_64 | 1.0-1 | OK |
Version: 1.0-1
Check: re-building of vignette outputs
Result: NOTE
Error in re-building vignettes:
...
Error in texi2dvi(file = file, pdf = TRUE, clean = clean, quiet = quiet, :
Running 'texi2dvi' on 'hyper2.tex' failed.
LaTeX errors:
! LaTeX Error: File `dsfont.sty' not found.
Type X to quit or <RETURN> to proceed,
or enter new name. (Default extension: sty)
! Emergency stop.
<read *>
l.4 \usepackage
{bbm}^^M
! ==> Fatal error occurred, no output PDF file produced!
Calls: buildVignettes -> texi2pdf -> texi2dvi
Execution halted
Flavor: r-release-osx-x86_64