Last updated on 2017-07-31 01:47:02.
Flavor | Version | Tinstall | Tcheck | Ttotal | Status | Flags |
---|---|---|---|---|---|---|
r-devel-linux-x86_64-debian-clang | 0.5.5 | 0.87 | 22.70 | 23.57 | OK | |
r-devel-linux-x86_64-debian-gcc | 0.5.5 | 0.85 | 15.59 | 16.44 | OK | |
r-devel-linux-x86_64-fedora-clang | 0.5.5 | 28.78 | OK | |||
r-devel-linux-x86_64-fedora-gcc | 0.5.5 | 27.83 | OK | |||
r-devel-windows-ix86+x86_64 | 0.5.5 | 6.00 | 47.00 | 53.00 | OK | |
r-patched-linux-x86_64 | 0.5.5 | 0.91 | 22.32 | 23.23 | OK | |
r-patched-solaris-x86 | 0.5.5 | 38.20 | NOTE | |||
r-release-linux-x86_64 | 0.5.5 | 0.85 | 22.10 | 22.95 | OK | |
r-release-windows-ix86+x86_64 | 0.5.5 | 4.00 | 53.00 | 57.00 | OK | |
r-release-osx-x86_64 | 0.5.5 | NOTE | ||||
r-oldrel-windows-ix86+x86_64 | 0.5.5 | 6.00 | 32.00 | 38.00 | OK | |
r-oldrel-osx-x86_64 | 0.5.5 | OK |
Version: 0.5.5
Check: package dependencies
Result: NOTE
Package suggested but not available for checking: ‘RProtoBuf’
Flavors: r-patched-solaris-x86, r-release-osx-x86_64