CRAN Package Check Results for Package kknn

Last updated on 2017-07-31 01:47:02.

Flavor Version Tinstall Tcheck Ttotal Status Flags
r-devel-linux-x86_64-debian-clang 1.3.1 3.52 42.23 45.75 NOTE
r-devel-linux-x86_64-debian-gcc 1.3.1 5.17 35.11 40.28 NOTE
r-devel-linux-x86_64-fedora-clang 1.3.1 88.22 NOTE
r-devel-linux-x86_64-fedora-gcc 1.3.1 86.26 NOTE
r-devel-windows-ix86+x86_64 1.3.1 13.00 107.00 120.00 OK
r-patched-linux-x86_64 1.3.1 3.77 41.83 45.60 NOTE
r-patched-solaris-x86 1.3.1 118.90 OK
r-release-linux-x86_64 1.3.1 3.70 43.03 46.73 NOTE
r-release-windows-ix86+x86_64 1.3.1 11.00 105.00 116.00 OK
r-release-osx-x86_64 1.3.1 OK
r-oldrel-windows-ix86+x86_64 1.3.1 14.00 73.00 87.00 OK
r-oldrel-osx-x86_64 1.3.1 OK

Check Details

Version: 1.3.1
Check: compiled code
Result: NOTE
    File ‘kknn/libs/kknn.so’:
     Found no calls to: ‘R_registerRoutines’, ‘R_useDynamicSymbols’
    
    It is good practice to register native routines and to disable symbol
    search.
    
    See ‘Writing portable packages’ in the ‘Writing R Extensions’ manual.
Flavors: r-devel-linux-x86_64-debian-clang, r-devel-linux-x86_64-debian-gcc, r-devel-linux-x86_64-fedora-clang, r-devel-linux-x86_64-fedora-gcc, r-patched-linux-x86_64, r-release-linux-x86_64