CRAN Package Check Results for Package lbfgsb3

Last updated on 2017-07-31 01:47:02.

Flavor Version Tinstall Tcheck Ttotal Status Flags
r-devel-linux-x86_64-debian-clang 2015-2.13 2.45 27.66 30.11 NOTE
r-devel-linux-x86_64-debian-gcc 2015-2.13 2.52 21.16 23.68 NOTE
r-devel-linux-x86_64-fedora-clang 2015-2.13 43.07 NOTE
r-devel-linux-x86_64-fedora-gcc 2015-2.13 41.94 NOTE
r-devel-windows-ix86+x86_64 2015-2.13 16.00 89.00 105.00 OK
r-patched-linux-x86_64 2015-2.13 2.44 27.68 30.12 NOTE
r-patched-solaris-x86 2015-2.13 64.50 OK
r-release-linux-x86_64 2015-2.13 2.64 27.01 29.65 NOTE
r-release-windows-ix86+x86_64 2015-2.13 11.00 68.00 79.00 OK
r-release-osx-x86_64 2015-2.13 OK
r-oldrel-windows-ix86+x86_64 2015-2.13 11.00 66.00 77.00 OK
r-oldrel-osx-x86_64 2015-2.13 OK

Check Details

Version: 2015-2.13
Check: compiled code
Result: NOTE
    File ‘lbfgsb3/libs/lbfgsb3.so’:
     Found no calls to: ‘R_registerRoutines’, ‘R_useDynamicSymbols’
    
    It is good practice to register native routines and to disable symbol
    search.
    
    See ‘Writing portable packages’ in the ‘Writing R Extensions’ manual.
Flavors: r-devel-linux-x86_64-debian-clang, r-devel-linux-x86_64-debian-gcc, r-devel-linux-x86_64-fedora-clang, r-devel-linux-x86_64-fedora-gcc, r-patched-linux-x86_64, r-release-linux-x86_64