Last updated on 2017-07-31 01:47:03.
Flavor | Version | Tinstall | Tcheck | Ttotal | Status | Flags |
---|---|---|---|---|---|---|
r-devel-linux-x86_64-debian-clang | 0.1.0 | 3.21 | 60.61 | 63.82 | OK | |
r-devel-linux-x86_64-debian-gcc | 0.1.0 | 3.07 | 51.39 | 54.46 | OK | |
r-devel-linux-x86_64-fedora-clang | 0.1.0 | 120.66 | OK | |||
r-devel-linux-x86_64-fedora-gcc | 0.1.0 | 120.50 | OK | |||
r-devel-windows-ix86+x86_64 | 0.1.0 | 16.00 | 110.00 | 126.00 | OK | |
r-patched-linux-x86_64 | 0.1.0 | 3.48 | 60.00 | 63.47 | OK | |
r-patched-solaris-x86 | 0.1.0 | 166.70 | OK | |||
r-release-linux-x86_64 | 0.1.0 | 3.21 | 61.10 | 64.31 | OK | |
r-release-windows-ix86+x86_64 | 0.1.0 | 10.00 | 125.00 | 135.00 | OK | |
r-release-osx-x86_64 | 0.1.0 | ERROR | ||||
r-oldrel-windows-ix86+x86_64 | 0.1.0 | 12.00 | 91.00 | 103.00 | OK | |
r-oldrel-osx-x86_64 | 0.1.0 | OK |
Version: 0.1.0
Check: package dependencies
Result: ERROR
Package required but not available: ‘LDheatmap’
See section ‘The DESCRIPTION file’ in the ‘Writing R Extensions’
manual.
Flavor: r-release-osx-x86_64