Last updated on 2017-07-31 01:47:03.
Flavor | Version | Tinstall | Tcheck | Ttotal | Status | Flags |
---|---|---|---|---|---|---|
r-devel-linux-x86_64-debian-clang | 0.1.0 | 2.91 | 49.68 | 52.58 | OK | |
r-devel-linux-x86_64-debian-gcc | 0.1.0 | 2.87 | 40.81 | 43.67 | OK | |
r-devel-linux-x86_64-fedora-clang | 0.1.0 | 100.18 | NOTE | |||
r-devel-linux-x86_64-fedora-gcc | 0.1.0 | 97.59 | NOTE | |||
r-devel-windows-ix86+x86_64 | 0.1.0 | 13.00 | 88.00 | 101.00 | OK | |
r-patched-linux-x86_64 | 0.1.0 | 2.90 | 48.83 | 51.73 | OK | |
r-patched-solaris-x86 | 0.1.0 | 132.00 | NOTE | |||
r-release-linux-x86_64 | 0.1.0 | 3.00 | 51.04 | 54.04 | OK | |
r-release-windows-ix86+x86_64 | 0.1.0 | 14.00 | 105.00 | 119.00 | OK | |
r-release-osx-x86_64 | 0.1.0 | NOTE | ||||
r-oldrel-windows-ix86+x86_64 | 0.1.0 | 10.00 | 70.00 | 80.00 | OK | |
r-oldrel-osx-x86_64 | 0.1.0 | NOTE |
Version: 0.1.0
Check: dependencies in R code
Result: NOTE
Namespace in Imports field not imported from: ‘boot’
All declared Imports should be used.
Flavors: r-devel-linux-x86_64-fedora-clang, r-devel-linux-x86_64-fedora-gcc, r-patched-solaris-x86, r-release-osx-x86_64, r-oldrel-osx-x86_64