CRAN Package Check Results for Package lowmemtkmeans

Last updated on 2017-07-31 01:47:03.

Flavor Version Tinstall Tcheck Ttotal Status Flags
r-devel-linux-x86_64-debian-clang 0.1.2 16.67 20.65 37.32 NOTE
r-devel-linux-x86_64-debian-gcc 0.1.2 18.54 14.28 32.82 NOTE
r-devel-linux-x86_64-fedora-clang 0.1.2 59.09 NOTE
r-devel-linux-x86_64-fedora-gcc 0.1.2 59.41 NOTE
r-devel-windows-ix86+x86_64 0.1.2 72.00 53.00 125.00 OK
r-patched-linux-x86_64 0.1.2 18.35 20.43 38.77 NOTE
r-patched-solaris-x86 0.1.2 67.20 OK
r-release-linux-x86_64 0.1.2 17.68 20.99 38.67 NOTE
r-release-windows-ix86+x86_64 0.1.2 61.00 61.00 122.00 OK
r-release-osx-x86_64 0.1.2 OK
r-oldrel-windows-ix86+x86_64 0.1.2 68.00 42.00 110.00 OK
r-oldrel-osx-x86_64 0.1.2 OK

Check Details

Version: 0.1.2
Check: compiled code
Result: NOTE
    File ‘lowmemtkmeans/libs/lowmemtkmeans.so’:
     Found no calls to: ‘R_registerRoutines’, ‘R_useDynamicSymbols’
    
    It is good practice to register native routines and to disable symbol
    search.
    
    See ‘Writing portable packages’ in the ‘Writing R Extensions’ manual.
Flavors: r-devel-linux-x86_64-debian-clang, r-devel-linux-x86_64-debian-gcc, r-devel-linux-x86_64-fedora-clang, r-devel-linux-x86_64-fedora-gcc, r-patched-linux-x86_64, r-release-linux-x86_64