CRAN Package Check Results for Package lpmodeler

Last updated on 2017-07-31 01:47:03.

Flavor Version Tinstall Tcheck Ttotal Status Flags
r-devel-linux-x86_64-debian-clang 0.2-1 0.71 19.09 19.80 NOTE
r-devel-linux-x86_64-debian-gcc 0.2-1 0.72 12.01 12.74 NOTE
r-devel-linux-x86_64-fedora-clang 0.2-1 20.39 NOTE
r-devel-linux-x86_64-fedora-gcc 0.2-1 19.35 NOTE
r-devel-windows-ix86+x86_64 0.2-1 4.00 31.00 35.00 NOTE
r-patched-linux-x86_64 0.2-1 0.70 19.03 19.73 NOTE
r-patched-solaris-x86 0.2-1 31.00 NOTE
r-release-linux-x86_64 0.2-1 0.70 18.55 19.25 NOTE
r-release-windows-ix86+x86_64 0.2-1 2.00 29.00 31.00 NOTE
r-release-osx-x86_64 0.2-1 NOTE
r-oldrel-windows-ix86+x86_64 0.2-1 2.00 27.00 29.00 NOTE
r-oldrel-osx-x86_64 0.2-1 NOTE

Check Details

Version: 0.2-1
Check: dependencies in R code
Result: NOTE
    'library' or 'require' call to ‘Rsymphony’ in package code.
     Please use :: or requireNamespace() instead.
     See section 'Suggested packages' in the 'Writing R Extensions' manual.
Flavors: r-devel-linux-x86_64-debian-clang, r-devel-linux-x86_64-debian-gcc, r-devel-linux-x86_64-fedora-clang, r-devel-linux-x86_64-fedora-gcc, r-devel-windows-ix86+x86_64, r-patched-linux-x86_64, r-patched-solaris-x86, r-release-linux-x86_64, r-release-windows-ix86+x86_64, r-release-osx-x86_64, r-oldrel-windows-ix86+x86_64, r-oldrel-osx-x86_64

Version: 0.2-1
Check: R code for possible problems
Result: NOTE
    mipSolve.Rsymphony: no visible global function definition for
     ‘Rsymphony_solve_LP’
    Undefined global functions or variables:
     Rsymphony_solve_LP
Flavors: r-devel-linux-x86_64-debian-clang, r-devel-linux-x86_64-debian-gcc, r-devel-linux-x86_64-fedora-clang, r-devel-linux-x86_64-fedora-gcc, r-devel-windows-ix86+x86_64, r-patched-linux-x86_64, r-patched-solaris-x86, r-release-linux-x86_64, r-release-windows-ix86+x86_64, r-release-osx-x86_64, r-oldrel-windows-ix86+x86_64, r-oldrel-osx-x86_64

Version: 0.2-1
Check: package dependencies
Result: NOTE
    Package suggested but not available for checking: ‘Rsymphony’
Flavors: r-patched-solaris-x86, r-release-osx-x86_64, r-oldrel-osx-x86_64