Last updated on 2017-07-31 01:47:04.
Flavor | Version | Tinstall | Tcheck | Ttotal | Status | Flags |
---|---|---|---|---|---|---|
r-devel-linux-x86_64-debian-clang | 3.2.0 | 4.21 | 30.34 | 34.55 | OK | |
r-devel-linux-x86_64-debian-gcc | 3.2.0 | 4.08 | 20.67 | 24.76 | OK | |
r-devel-linux-x86_64-fedora-clang | 3.2.0 | 43.44 | OK | |||
r-devel-linux-x86_64-fedora-gcc | 3.2.0 | 42.01 | OK | |||
r-devel-windows-ix86+x86_64 | 3.2.0 | 54.00 | 67.00 | 121.00 | OK | |
r-patched-linux-x86_64 | 3.2.0 | 3.94 | 30.42 | 34.36 | OK | |
r-patched-solaris-x86 | 3.2.0 | 63.40 | NOTE | |||
r-release-linux-x86_64 | 3.2.0 | 3.96 | 30.63 | 34.58 | OK | |
r-release-windows-ix86+x86_64 | 3.2.0 | 49.00 | 67.00 | 116.00 | OK | |
r-release-osx-x86_64 | 3.2.0 | OK | ||||
r-oldrel-windows-ix86+x86_64 | 3.2.0 | 52.00 | 53.00 | 105.00 | OK | |
r-oldrel-osx-x86_64 | 3.2.0 | OK |
Version: 3.2.0
Check: installed package size
Result: NOTE
installed size is 5.2Mb
sub-directories of 1Mb or more:
mapdata 4.2Mb
Flavor: r-patched-solaris-x86