Last updated on 2017-07-31 01:47:05.
Flavor | Version | Tinstall | Tcheck | Ttotal | Status | Flags |
---|---|---|---|---|---|---|
r-devel-linux-x86_64-debian-clang | 0.4.16 | 2.31 | 42.71 | 45.01 | NOTE | |
r-devel-linux-x86_64-debian-gcc | 0.4.16 | 2.08 | 25.72 | 27.80 | NOTE | |
r-devel-linux-x86_64-fedora-clang | 0.4.16 | 52.48 | NOTE | |||
r-devel-linux-x86_64-fedora-gcc | 0.4.16 | 50.20 | NOTE | |||
r-devel-windows-ix86+x86_64 | 0.4.16 | 14.00 | 66.00 | 80.00 | OK | |
r-patched-linux-x86_64 | 0.4.16 | 2.02 | 42.72 | 44.74 | NOTE | |
r-patched-solaris-x86 | 0.4.16 | 67.90 | OK | |||
r-release-linux-x86_64 | 0.4.16 | 1.90 | 41.68 | 43.59 | NOTE | |
r-release-windows-ix86+x86_64 | 0.4.16 | 8.00 | 60.00 | 68.00 | OK | |
r-release-osx-x86_64 | 0.4.16 | OK | ||||
r-oldrel-windows-ix86+x86_64 | 0.4.16 | 14.00 | 79.00 | 93.00 | OK | |
r-oldrel-osx-x86_64 | 0.4.16 | OK |
Version: 0.4.16
Check: compiled code
Result: NOTE
File ‘mhsmm/libs/mhsmm.so’:
Found no calls to: ‘R_registerRoutines’, ‘R_useDynamicSymbols’
It is good practice to register native routines and to disable symbol
search.
See ‘Writing portable packages’ in the ‘Writing R Extensions’ manual.
Flavors: r-devel-linux-x86_64-debian-clang, r-devel-linux-x86_64-debian-gcc, r-devel-linux-x86_64-fedora-clang, r-devel-linux-x86_64-fedora-gcc, r-patched-linux-x86_64, r-release-linux-x86_64