Last updated on 2017-07-31 01:47:05.
Flavor | Version | Tinstall | Tcheck | Ttotal | Status | Flags |
---|---|---|---|---|---|---|
r-devel-linux-x86_64-debian-clang | 6.1.3 | 5.41 | 150.19 | 155.60 | OK | |
r-devel-linux-x86_64-debian-gcc | 6.1.3 | 4.86 | 136.26 | 141.11 | OK | |
r-devel-linux-x86_64-fedora-clang | 6.1.3 | 259.57 | OK | |||
r-devel-linux-x86_64-fedora-gcc | 6.1.3 | 245.39 | OK | |||
r-devel-windows-ix86+x86_64 | 6.1.3 | 19.00 | 235.00 | 254.00 | OK | |
r-patched-linux-x86_64 | 6.1.3 | 5.19 | 151.20 | 156.39 | OK | |
r-patched-solaris-x86 | 6.1.3 | 312.90 | NOTE | |||
r-release-linux-x86_64 | 6.1.3 | 4.83 | 150.14 | 154.97 | OK | |
r-release-windows-ix86+x86_64 | 6.1.3 | 26.00 | 268.00 | 294.00 | OK | |
r-release-osx-x86_64 | 6.1.3 | OK | ||||
r-oldrel-windows-ix86+x86_64 | 6.1.3 | 24.00 | 191.00 | 215.00 | OK | |
r-oldrel-osx-x86_64 | 6.1.3 | OK |
Version: 6.1.3
Check: installed package size
Result: NOTE
installed size is 5.2Mb
sub-directories of 1Mb or more:
data 4.1Mb
Flavor: r-patched-solaris-x86