Last updated on 2017-07-31 01:47:06.
Flavor | Version | Tinstall | Tcheck | Ttotal | Status | Flags |
---|---|---|---|---|---|---|
r-devel-linux-x86_64-debian-clang | 0.1.4 | 1.21 | 27.36 | 28.57 | OK | |
r-devel-linux-x86_64-debian-gcc | 0.1.4 | 1.18 | 19.23 | 20.41 | OK | |
r-devel-linux-x86_64-fedora-clang | 0.1.4 | 35.51 | OK | |||
r-devel-linux-x86_64-fedora-gcc | 0.1.4 | 35.83 | OK | |||
r-devel-windows-ix86+x86_64 | 0.1.4 | 5.00 | 41.00 | 46.00 | OK | |
r-patched-linux-x86_64 | 0.1.4 | 1.23 | 27.00 | 28.24 | OK | |
r-patched-solaris-x86 | 0.1.4 | 51.40 | OK | |||
r-release-linux-x86_64 | 0.1.4 | 1.30 | 26.99 | 28.29 | OK | |
r-release-windows-ix86+x86_64 | 0.1.4 | 5.00 | 57.00 | 62.00 | OK | |
r-release-osx-x86_64 | 0.1.4 | NOTE | ||||
r-oldrel-windows-ix86+x86_64 | 0.1.4 | 5.00 | 34.00 | 39.00 | OK | |
r-oldrel-osx-x86_64 | 0.1.4 | OK |
Version: 0.1.4
Check: package dependencies
Result: NOTE
Packages suggested but not available for checking:
‘geojsonio’ ‘rgdal’ ‘rgeos’ ‘rmapshaper’
Flavor: r-release-osx-x86_64