Last updated on 2017-07-31 01:47:07.
Flavor | Version | Tinstall | Tcheck | Ttotal | Status | Flags |
---|---|---|---|---|---|---|
r-devel-linux-x86_64-debian-clang | 0.1 | 1.26 | 50.31 | 51.57 | NOTE | |
r-devel-linux-x86_64-debian-gcc | 0.1 | 1.33 | 42.64 | 43.97 | NOTE | |
r-devel-linux-x86_64-fedora-clang | 0.1 | 81.98 | NOTE | |||
r-devel-linux-x86_64-fedora-gcc | 0.1 | 80.97 | NOTE | |||
r-devel-windows-ix86+x86_64 | 0.1 | 7.00 | 87.00 | 94.00 | NOTE | |
r-patched-linux-x86_64 | 0.1 | 1.44 | 49.91 | 51.36 | NOTE | |
r-patched-solaris-x86 | 0.1 | 105.90 | NOTE | |||
r-release-linux-x86_64 | 0.1 | 1.33 | 51.46 | 52.78 | NOTE | |
r-release-windows-ix86+x86_64 | 0.1 | 5.00 | 101.00 | 106.00 | NOTE | |
r-release-osx-x86_64 | 0.1 | OK | ||||
r-oldrel-windows-ix86+x86_64 | 0.1 | 5.00 | 70.00 | 75.00 | OK | |
r-oldrel-osx-x86_64 | 0.1 | OK |
Version: 0.1
Check: S3 generic/method consistency
Result: NOTE
Found the following apparent S3 methods exported but not registered:
rbind.mudata rbind.qtag rbind.qtag.long
See section ‘Registering S3 methods’ in the ‘Writing R Extensions’
manual.
Flavors: r-devel-linux-x86_64-debian-clang, r-devel-linux-x86_64-debian-gcc, r-devel-linux-x86_64-fedora-clang, r-devel-linux-x86_64-fedora-gcc, r-patched-linux-x86_64, r-patched-solaris-x86, r-release-linux-x86_64
Version: 0.1
Check: Rd \usage sections
Result: NOTE
S3 methods shown with full name in documentation object 'rbind.mudata':
‘rbind.mudata’
S3 methods shown with full name in documentation object 'rbind.qtag.long':
‘rbind.qtag.long’ ‘rbind.qtag’
The \usage entries for S3 methods should use the \method markup and not
their full name.
See chapter ‘Writing R documentation files’ in the ‘Writing R
Extensions’ manual.
Flavors: r-devel-linux-x86_64-debian-clang, r-devel-linux-x86_64-debian-gcc, r-devel-linux-x86_64-fedora-clang, r-devel-linux-x86_64-fedora-gcc, r-devel-windows-ix86+x86_64, r-patched-linux-x86_64, r-patched-solaris-x86, r-release-linux-x86_64, r-release-windows-ix86+x86_64